{"version":"1.0","provider_name":"Parque Cultural del R\u00edo Mart\u00edn","provider_url":"https:\/\/parqueriomartin.com\/en\/","author_name":"sedinet","author_url":"https:\/\/parqueriomartin.com\/en\/author\/sedinet\/","title":"MONTALB\u00c1N - PE\u00d1ARROYAS (GR-262 long-distance section) - Parque Cultural del R\u00edo Mart\u00edn","type":"rich","width":600,"height":338,"html":"<blockquote class=\"wp-embedded-content\" data-secret=\"0BWySQKMWE\"><a href=\"https:\/\/parqueriomartin.com\/en\/rutas\/montalban-penarroyas-gr-262-long-distance-section\/\">MONTALB\u00c1N &#8211; PE\u00d1ARROYAS (GR-262 long-distance section)<\/a><\/blockquote><iframe sandbox=\"allow-scripts\" security=\"restricted\" src=\"https:\/\/parqueriomartin.com\/en\/rutas\/montalban-penarroyas-gr-262-long-distance-section\/embed\/#?secret=0BWySQKMWE\" width=\"600\" height=\"338\" title=\"&#8220;MONTALB\u00c1N &#8211; PE\u00d1ARROYAS (GR-262 long-distance section)&#8221; &#8212; Parque Cultural del R\u00edo Mart\u00edn\" data-secret=\"0BWySQKMWE\" frameborder=\"0\" marginwidth=\"0\" marginheight=\"0\" scrolling=\"no\" class=\"wp-embedded-content\"><\/iframe><script type=\"text\/javascript\">\n\/* <![CDATA[ *\/\n\/*! This file is auto-generated *\/\n!function(d,l){\"use strict\";l.querySelector&&d.addEventListener&&\"undefined\"!=typeof URL&&(d.wp=d.wp||{},d.wp.receiveEmbedMessage||(d.wp.receiveEmbedMessage=function(e){var t=e.data;if((t||t.secret||t.message||t.value)&&!\/[^a-zA-Z0-9]\/.test(t.secret)){for(var s,r,n,a=l.querySelectorAll('iframe[data-secret=\"'+t.secret+'\"]'),o=l.querySelectorAll('blockquote[data-secret=\"'+t.secret+'\"]'),c=new RegExp(\"^https?:$\",\"i\"),i=0;i<o.length;i++)o[i].style.display=\"none\";for(i=0;i<a.length;i++)s=a[i],e.source===s.contentWindow&&(s.removeAttribute(\"style\"),\"height\"===t.message?(1e3<(r=parseInt(t.value,10))?r=1e3:~~r<200&&(r=200),s.height=r):\"link\"===t.message&&(r=new URL(s.getAttribute(\"src\")),n=new URL(t.value),c.test(n.protocol))&&n.host===r.host&&l.activeElement===s&&(d.top.location.href=t.value))}},d.addEventListener(\"message\",d.wp.receiveEmbedMessage,!1),l.addEventListener(\"DOMContentLoaded\",function(){for(var e,t,s=l.querySelectorAll(\"iframe.wp-embedded-content\"),r=0;r<s.length;r++)(t=(e=s[r]).getAttribute(\"data-secret\"))||(t=Math.random().toString(36).substring(2,12),e.src+=\"#?secret=\"+t,e.setAttribute(\"data-secret\",t)),e.contentWindow.postMessage({message:\"ready\",secret:t},\"*\")},!1)))}(window,document);\n\/* ]]> *\/\n<\/script>\n","thumbnail_url":"https:\/\/parqueriomartin.com\/wp-content\/uploads\/cabecera-ruta-montalban-penarroyas-parque-cultural-rio-martin.webp","thumbnail_width":1920,"thumbnail_height":991,"description":"This section of the GR 262 between Montalb\u00e1n and the district of Pe\u00f1arroyas stands out for the chromatic variety of its landscape, especially in autumn. In the same town of Montalb\u00e1n, next to the river, on its left bank, we can start the path in the Paseo de la Garona, which outlines the base of [&hellip;]"}

Parque Cultural del Río Martín

MONTALBÁN - PEÑARROYAS (GR-262 long-distance section) - Parque Cultural del Río Martín

<blockquote class="wp-embedded-content" data-secret="0BWySQKMWE"><a href="https://parqueriomartin.com/en/rutas/montalban-penarroyas-gr-262-long-distance-section/">MONTALBÁN &#8211; PEÑARROYAS (GR-262 long-distance section)</a></blockquote><iframe sandbox="allow-scripts" security="restricted" src="https://parqueriomartin.com/en/rutas/montalban-penarroyas-gr-262-long-distance-section/embed/#?secret=0BWySQKMWE" width="600" height="338" title="&#8220;MONTALBÁN &#8211; PEÑARROYAS (GR-262 long-distance section)&#8221; &#8212; Parque Cultural del Río Martín" data-secret="0BWySQKMWE" frameborder="0" marginwidth="0" marginheight="0" scrolling="no" class="wp-embedded-content"></iframe><script type="text/javascript">
/* <![CDATA[ */
/*! This file is auto-generated */
!function(d,l){"use strict";l.querySelector&&d.addEventListener&&"undefined"!=typeof URL&&(d.wp=d.wp||{},d.wp.receiveEmbedMessage||(d.wp.receiveEmbedMessage=function(e){var t=e.data;if((t||t.secret||t.message||t.value)&&!/[^a-zA-Z0-9]/.test(t.secret)){for(var s,r,n,a=l.querySelectorAll('iframe[data-secret="'+t.secret+'"]'),o=l.querySelectorAll('blockquote[data-secret="'+t.secret+'"]'),c=new RegExp("^https?:$","i"),i=0;i<o.length;i++)o[i].style.display="none";for(i=0;i<a.length;i++)s=a[i],e.source===s.contentWindow&&(s.removeAttribute("style"),"height"===t.message?(1e3<(r=parseInt(t.value,10))?r=1e3:~~r<200&&(r=200),s.height=r):"link"===t.message&&(r=new URL(s.getAttribute("src")),n=new URL(t.value),c.test(n.protocol))&&n.host===r.host&&l.activeElement===s&&(d.top.location.href=t.value))}},d.addEventListener("message",d.wp.receiveEmbedMessage,!1),l.addEventListener("DOMContentLoaded",function(){for(var e,t,s=l.querySelectorAll("iframe.wp-embedded-content"),r=0;r<s.length;r++)(t=(e=s[r]).getAttribute("data-secret"))||(t=Math.random().toString(36).substring(2,12),e.src+="#?secret="+t,e.setAttribute("data-secret",t)),e.contentWindow.postMessage({message:"ready",secret:t},"*")},!1)))}(window,document);
/* ]]> */
</script>

This section of the GR 262 between Montalbán and the district of Peñarroyas stands out for the chromatic variety of its landscape, especially in autumn. In the same town of Montalbán, next to the river, on its left bank, we can start the path in the Paseo de la Garona, which outlines the base of [&hellip;]
