{"id":103547,"date":"2022-10-13T14:45:59","date_gmt":"2022-10-13T14:45:59","guid":{"rendered":"http:\/\/parqueculturalriomartin.com.mialias.net\/?post_type=el_parque&#038;p=103547"},"modified":"2022-10-19T17:22:40","modified_gmt":"2022-10-19T17:22:40","slug":"vegetation","status":"publish","type":"el_parque","link":"https:\/\/parqueriomartin.com\/en\/el_parque\/vegetation\/","title":{"rendered":"Vegetation"},"content":{"rendered":"<p>In order to recover degraded areas as a result of the abandonment of land previously ploughed due to the difficulty of access by mechanical means, and affected by erosion, the area has been reforested with Aleppo pines. We can mention the pine forest of La Pinarosa in Ari\u00f1o, taking advantage of the ravines and shady areas of the Arcos mountain range and its foothills, or the pine forest of Los Molares, which occupies the valleys and slopes of the Seco river and tributary ravines between Oliete and Alcaine.<\/p>\n<p>The continentalized Mediterranean climate, the result of the immersion through the Mart\u00edn river valley in a mountainous environment, poor in water resources and with strong temperature contrasts between day and night, allows the existence of junipers, with some important communities of black junipers located in different parts of the Park and adapting to steep rocky areas, accompanied by juniper in many cases. However, less frequent but more spectacular is the sessile juniper, with a few scattered and monumental specimens located throughout the Park, among which we highlight the specimens of San Pedro in Oliete and La Dehesa in Alcaine, among others.<\/p>\n<p>On the other hand, the riverbank vegetation is abundant, forming a narrow and discontinuous border on the banks of the Mar\u00edn River, dominated by poplars, willows, ash trees, elms, rushes and brambles, especially the tamarisk trees at the tail of the Cueva Foradada reservoir, which form a small forest of enormous ecological importance, and in many tributary ravines and ponds where hygrophilous vegetation dominates.<\/p>\n<p>Another aspect to highlight are the &#8220;ordered&#8221; patches of vegetation whose origin can be found in man&#8217;s need for food production through agriculture, with riverside plantations (horticultural crops and fruit trees) and rainfed plantations (cereal crops, vines, olive and almond trees).<\/p>\n","protected":false},"featured_media":103517,"template":"","categorias_tipos":[103],"acf":[],"yoast_head":"<!-- This site is optimized with the Yoast SEO plugin v22.5 - https:\/\/yoast.com\/wordpress\/plugins\/seo\/ -->\n<title>Vegetation - Parque Cultural del R\u00edo Mart\u00edn<\/title>\n<meta name=\"robots\" content=\"index, follow, max-snippet:-1, max-image-preview:large, max-video-preview:-1\" \/>\n<link rel=\"canonical\" href=\"https:\/\/parqueriomartin.com\/en\/el_parque\/vegetation\/\" \/>\n<meta property=\"og:locale\" content=\"en_US\" \/>\n<meta property=\"og:type\" content=\"article\" \/>\n<meta property=\"og:title\" content=\"Vegetation - Parque Cultural del R\u00edo Mart\u00edn\" \/>\n<meta property=\"og:description\" content=\"In order to recover degraded areas as a result of the abandonment of land previously ploughed due to the difficulty of access by mechanical means, and affected by erosion, the area has been reforested with Aleppo pines. We can mention the pine forest of La Pinarosa in Ari\u00f1o, taking advantage of the ravines and shady [&hellip;]\" \/>\n<meta property=\"og:url\" content=\"https:\/\/parqueriomartin.com\/en\/el_parque\/vegetation\/\" \/>\n<meta property=\"og:site_name\" content=\"Parque Cultural del R\u00edo Mart\u00edn\" \/>\n<meta property=\"article:modified_time\" content=\"2022-10-19T17:22:40+00:00\" \/>\n<meta property=\"og:image\" content=\"https:\/\/parqueriomartin.com\/wp-content\/uploads\/cabecera-vegetacion-parque-cultural-rio-martin.webp\" \/>\n\t<meta property=\"og:image:width\" content=\"1920\" \/>\n\t<meta property=\"og:image:height\" content=\"1440\" \/>\n\t<meta property=\"og:image:type\" content=\"image\/webp\" \/>\n<meta name=\"twitter:card\" content=\"summary_large_image\" \/>\n<meta name=\"twitter:label1\" content=\"Est. reading time\" \/>\n\t<meta name=\"twitter:data1\" content=\"1 minute\" \/>\n<script type=\"application\/ld+json\" class=\"yoast-schema-graph\">{\"@context\":\"https:\/\/schema.org\",\"@graph\":[{\"@type\":\"WebPage\",\"@id\":\"https:\/\/parqueriomartin.com\/en\/el_parque\/vegetation\/\",\"url\":\"https:\/\/parqueriomartin.com\/en\/el_parque\/vegetation\/\",\"name\":\"Vegetation - Parque Cultural del R\u00edo Mart\u00edn\",\"isPartOf\":{\"@id\":\"https:\/\/parqueriomartin.com\/en\/#website\"},\"primaryImageOfPage\":{\"@id\":\"https:\/\/parqueriomartin.com\/en\/el_parque\/vegetation\/#primaryimage\"},\"image\":{\"@id\":\"https:\/\/parqueriomartin.com\/en\/el_parque\/vegetation\/#primaryimage\"},\"thumbnailUrl\":\"https:\/\/parqueriomartin.com\/wp-content\/uploads\/cabecera-vegetacion-parque-cultural-rio-martin.webp\",\"datePublished\":\"2022-10-13T14:45:59+00:00\",\"dateModified\":\"2022-10-19T17:22:40+00:00\",\"breadcrumb\":{\"@id\":\"https:\/\/parqueriomartin.com\/en\/el_parque\/vegetation\/#breadcrumb\"},\"inLanguage\":\"en-US\",\"potentialAction\":[{\"@type\":\"ReadAction\",\"target\":[\"https:\/\/parqueriomartin.com\/en\/el_parque\/vegetation\/\"]}]},{\"@type\":\"ImageObject\",\"inLanguage\":\"en-US\",\"@id\":\"https:\/\/parqueriomartin.com\/en\/el_parque\/vegetation\/#primaryimage\",\"url\":\"https:\/\/parqueriomartin.com\/wp-content\/uploads\/cabecera-vegetacion-parque-cultural-rio-martin.webp\",\"contentUrl\":\"https:\/\/parqueriomartin.com\/wp-content\/uploads\/cabecera-vegetacion-parque-cultural-rio-martin.webp\",\"width\":1920,\"height\":1440},{\"@type\":\"BreadcrumbList\",\"@id\":\"https:\/\/parqueriomartin.com\/en\/el_parque\/vegetation\/#breadcrumb\",\"itemListElement\":[{\"@type\":\"ListItem\",\"position\":1,\"name\":\"Portada\",\"item\":\"https:\/\/parqueriomartin.com\/en\/home\/\"},{\"@type\":\"ListItem\",\"position\":2,\"name\":\"Vegetation\"}]},{\"@type\":\"WebSite\",\"@id\":\"https:\/\/parqueriomartin.com\/en\/#website\",\"url\":\"https:\/\/parqueriomartin.com\/en\/\",\"name\":\"Parque Cultural del R\u00edo Mart\u00edn\",\"description\":\"Conoce los pueblos, las rutas, los centros de interpretaci\u00f3n, las gentes... del Parque Cultural del R\u00edo Mart\u00edn\",\"potentialAction\":[{\"@type\":\"SearchAction\",\"target\":{\"@type\":\"EntryPoint\",\"urlTemplate\":\"https:\/\/parqueriomartin.com\/en\/?s={search_term_string}\"},\"query-input\":\"required name=search_term_string\"}],\"inLanguage\":\"en-US\"}]}<\/script>\n<!-- \/ Yoast SEO plugin. -->","yoast_head_json":{"title":"Vegetation - Parque Cultural del R\u00edo Mart\u00edn","robots":{"index":"index","follow":"follow","max-snippet":"max-snippet:-1","max-image-preview":"max-image-preview:large","max-video-preview":"max-video-preview:-1"},"canonical":"https:\/\/parqueriomartin.com\/en\/el_parque\/vegetation\/","og_locale":"en_US","og_type":"article","og_title":"Vegetation - Parque Cultural del R\u00edo Mart\u00edn","og_description":"In order to recover degraded areas as a result of the abandonment of land previously ploughed due to the difficulty of access by mechanical means, and affected by erosion, the area has been reforested with Aleppo pines. We can mention the pine forest of La Pinarosa in Ari\u00f1o, taking advantage of the ravines and shady [&hellip;]","og_url":"https:\/\/parqueriomartin.com\/en\/el_parque\/vegetation\/","og_site_name":"Parque Cultural del R\u00edo Mart\u00edn","article_modified_time":"2022-10-19T17:22:40+00:00","og_image":[{"width":1920,"height":1440,"url":"https:\/\/parqueriomartin.com\/wp-content\/uploads\/cabecera-vegetacion-parque-cultural-rio-martin.webp","type":"image\/webp"}],"twitter_card":"summary_large_image","twitter_misc":{"Est. reading time":"1 minute"},"schema":{"@context":"https:\/\/schema.org","@graph":[{"@type":"WebPage","@id":"https:\/\/parqueriomartin.com\/en\/el_parque\/vegetation\/","url":"https:\/\/parqueriomartin.com\/en\/el_parque\/vegetation\/","name":"Vegetation - Parque Cultural del R\u00edo Mart\u00edn","isPartOf":{"@id":"https:\/\/parqueriomartin.com\/en\/#website"},"primaryImageOfPage":{"@id":"https:\/\/parqueriomartin.com\/en\/el_parque\/vegetation\/#primaryimage"},"image":{"@id":"https:\/\/parqueriomartin.com\/en\/el_parque\/vegetation\/#primaryimage"},"thumbnailUrl":"https:\/\/parqueriomartin.com\/wp-content\/uploads\/cabecera-vegetacion-parque-cultural-rio-martin.webp","datePublished":"2022-10-13T14:45:59+00:00","dateModified":"2022-10-19T17:22:40+00:00","breadcrumb":{"@id":"https:\/\/parqueriomartin.com\/en\/el_parque\/vegetation\/#breadcrumb"},"inLanguage":"en-US","potentialAction":[{"@type":"ReadAction","target":["https:\/\/parqueriomartin.com\/en\/el_parque\/vegetation\/"]}]},{"@type":"ImageObject","inLanguage":"en-US","@id":"https:\/\/parqueriomartin.com\/en\/el_parque\/vegetation\/#primaryimage","url":"https:\/\/parqueriomartin.com\/wp-content\/uploads\/cabecera-vegetacion-parque-cultural-rio-martin.webp","contentUrl":"https:\/\/parqueriomartin.com\/wp-content\/uploads\/cabecera-vegetacion-parque-cultural-rio-martin.webp","width":1920,"height":1440},{"@type":"BreadcrumbList","@id":"https:\/\/parqueriomartin.com\/en\/el_parque\/vegetation\/#breadcrumb","itemListElement":[{"@type":"ListItem","position":1,"name":"Portada","item":"https:\/\/parqueriomartin.com\/en\/home\/"},{"@type":"ListItem","position":2,"name":"Vegetation"}]},{"@type":"WebSite","@id":"https:\/\/parqueriomartin.com\/en\/#website","url":"https:\/\/parqueriomartin.com\/en\/","name":"Parque Cultural del R\u00edo Mart\u00edn","description":"Conoce los pueblos, las rutas, los centros de interpretaci\u00f3n, las gentes... del Parque Cultural del R\u00edo Mart\u00edn","potentialAction":[{"@type":"SearchAction","target":{"@type":"EntryPoint","urlTemplate":"https:\/\/parqueriomartin.com\/en\/?s={search_term_string}"},"query-input":"required name=search_term_string"}],"inLanguage":"en-US"}]}},"_links":{"self":[{"href":"https:\/\/parqueriomartin.com\/en\/wp-json\/wp\/v2\/el_parque\/103547"}],"collection":[{"href":"https:\/\/parqueriomartin.com\/en\/wp-json\/wp\/v2\/el_parque"}],"about":[{"href":"https:\/\/parqueriomartin.com\/en\/wp-json\/wp\/v2\/types\/el_parque"}],"wp:featuredmedia":[{"embeddable":true,"href":"https:\/\/parqueriomartin.com\/en\/wp-json\/wp\/v2\/media\/103517"}],"wp:attachment":[{"href":"https:\/\/parqueriomartin.com\/en\/wp-json\/wp\/v2\/media?parent=103547"}],"wp:term":[{"taxonomy":"categorias_tipos","embeddable":true,"href":"https:\/\/parqueriomartin.com\/en\/wp-json\/wp\/v2\/categorias_tipos?post=103547"}],"curies":[{"name":"wp","href":"https:\/\/api.w.org\/{rel}","templated":true}]}}

<p>In order to recover degraded areas as a result of the abandonment of land previously ploughed due to the difficulty of access by mechanical means, and affected by erosion, the area has been reforested with Aleppo pines. We can mention the pine forest of La Pinarosa in Ariño, taking advantage of the ravines and shady areas of the Arcos mountain range and its foothills, or the pine forest of Los Molares, which occupies the valleys and slopes of the Seco river and tributary ravines between Oliete and Alcaine.</p>
<p>The continentalized Mediterranean climate, the result of the immersion through the Martín river valley in a mountainous environment, poor in water resources and with strong temperature contrasts between day and night, allows the existence of junipers, with some important communities of black junipers located in different parts of the Park and adapting to steep rocky areas, accompanied by juniper in many cases. However, less frequent but more spectacular is the sessile juniper, with a few scattered and monumental specimens located throughout the Park, among which we highlight the specimens of San Pedro in Oliete and La Dehesa in Alcaine, among others.</p>
<p>On the other hand, the riverbank vegetation is abundant, forming a narrow and discontinuous border on the banks of the Marín River, dominated by poplars, willows, ash trees, elms, rushes and brambles, especially the tamarisk trees at the tail of the Cueva Foradada reservoir, which form a small forest of enormous ecological importance, and in many tributary ravines and ponds where hygrophilous vegetation dominates.</p>
<p>Another aspect to highlight are the &#8220;ordered&#8221; patches of vegetation whose origin can be found in man&#8217;s need for food production through agriculture, with riverside plantations (horticultural crops and fruit trees) and rainfed plantations (cereal crops, vines, olive and almond trees).</p>

<!-- This site is optimized with the Yoast SEO plugin v22.5 - https://yoast.com/wordpress/plugins/seo/ -->
<title>Vegetation - Parque Cultural del Río Martín</title>
<meta name="robots" content="index, follow, max-snippet:-1, max-image-preview:large, max-video-preview:-1" />
<link rel="canonical" href="https://parqueriomartin.com/en/el_parque/vegetation/" />
<meta property="og:locale" content="en_US" />
<meta property="og:type" content="article" />
<meta property="og:title" content="Vegetation - Parque Cultural del Río Martín" />
<meta property="og:description" content="In order to recover degraded areas as a result of the abandonment of land previously ploughed due to the difficulty of access by mechanical means, and affected by erosion, the area has been reforested with Aleppo pines. We can mention the pine forest of La Pinarosa in Ariño, taking advantage of the ravines and shady [&hellip;]" />
<meta property="og:url" content="https://parqueriomartin.com/en/el_parque/vegetation/" />
<meta property="og:site_name" content="Parque Cultural del Río Martín" />
<meta property="article:modified_time" content="2022-10-19T17:22:40+00:00" />
<meta property="og:image" content="https://parqueriomartin.com/wp-content/uploads/cabecera-vegetacion-parque-cultural-rio-martin.webp" />
	<meta property="og:image:width" content="1920" />
	<meta property="og:image:height" content="1440" />
	<meta property="og:image:type" content="image/webp" />
<meta name="twitter:card" content="summary_large_image" />
<meta name="twitter:label1" content="Est. reading time" />
	<meta name="twitter:data1" content="1 minute" />
<script type="application/ld+json" class="yoast-schema-graph">{"@context":"https://schema.org","@graph":[{"@type":"WebPage","@id":"https://parqueriomartin.com/en/el_parque/vegetation/","url":"https://parqueriomartin.com/en/el_parque/vegetation/","name":"Vegetation - Parque Cultural del Río Martín","isPartOf":{"@id":"https://parqueriomartin.com/en/#website"},"primaryImageOfPage":{"@id":"https://parqueriomartin.com/en/el_parque/vegetation/#primaryimage"},"image":{"@id":"https://parqueriomartin.com/en/el_parque/vegetation/#primaryimage"},"thumbnailUrl":"https://parqueriomartin.com/wp-content/uploads/cabecera-vegetacion-parque-cultural-rio-martin.webp","datePublished":"2022-10-13T14:45:59+00:00","dateModified":"2022-10-19T17:22:40+00:00","breadcrumb":{"@id":"https://parqueriomartin.com/en/el_parque/vegetation/#breadcrumb"},"inLanguage":"en-US","potentialAction":[{"@type":"ReadAction","target":["https://parqueriomartin.com/en/el_parque/vegetation/"]}]},{"@type":"ImageObject","inLanguage":"en-US","@id":"https://parqueriomartin.com/en/el_parque/vegetation/#primaryimage","url":"https://parqueriomartin.com/wp-content/uploads/cabecera-vegetacion-parque-cultural-rio-martin.webp","contentUrl":"https://parqueriomartin.com/wp-content/uploads/cabecera-vegetacion-parque-cultural-rio-martin.webp","width":1920,"height":1440},{"@type":"BreadcrumbList","@id":"https://parqueriomartin.com/en/el_parque/vegetation/#breadcrumb","itemListElement":[{"@type":"ListItem","position":1,"name":"Portada","item":"https://parqueriomartin.com/en/home/"},{"@type":"ListItem","position":2,"name":"Vegetation"}]},{"@type":"WebSite","@id":"https://parqueriomartin.com/en/#website","url":"https://parqueriomartin.com/en/","name":"Parque Cultural del Río Martín","description":"Conoce los pueblos, las rutas, los centros de interpretación, las gentes... del Parque Cultural del Río Martín","potentialAction":[{"@type":"SearchAction","target":{"@type":"EntryPoint","urlTemplate":"https://parqueriomartin.com/en/?s={search_term_string}"},"query-input":"required name=search_term_string"}],"inLanguage":"en-US"}]}</script>
<!-- / Yoast SEO plugin. -->

Vegetation - Parque Cultural del Río Martín

In order to recover degraded areas as a result of the abandonment of land previously ploughed due to the difficulty of access by mechanical means, and affected by erosion, the area has been reforested with Aleppo pines. We can mention the pine forest of La Pinarosa in Ariño, taking advantage of the ravines and shady [&hellip;]

Parque Cultural del Río Martín

Conoce los pueblos, las rutas, los centros de interpretación, las gentes... del Parque Cultural del Río Martín
