{"id":103730,"date":"2022-10-13T11:40:44","date_gmt":"2022-10-13T11:40:44","guid":{"rendered":"http:\/\/parqueculturalriomartin.com.mialias.net\/?post_type=el_parque&#038;p=103730"},"modified":"2022-10-19T17:18:30","modified_gmt":"2022-10-19T17:18:30","slug":"the-physical-geographic-environment","status":"publish","type":"el_parque","link":"https:\/\/parqueriomartin.com\/en\/el_parque\/the-physical-geographic-environment\/","title":{"rendered":"The physical geographic environment"},"content":{"rendered":"<p>In the center of the Park, the Mart\u00edn River flows through the Calcareous massif of Las Muelas -between the municipalities of Ob\u00f3n and Torre de las Arcas-, the Benicozar and Guard\u00edas mountains -in Alcaine-, and the Los Moros and Sancho Abarca mountain ranges -between the latter town and Oliete-, which are crossed by two of its main tributaries, the Rad\u00f3n River and the Seco River. In the depression that originates in these mountains (Foz del R\u00edo Mart\u00edn) and between the towns of Alcaine and Oliete, the Cueva Foradada reservoir was built, which, while regulating the waters of the Mart\u00edn for the irrigation of the fertile valley it originates, provides its waters with a rest in their busy meandering.<\/p>\n<p>To the north it is the Arcos mountain range that hindered its flow on its way to its mouth in the Ebro. In its foothills, the Muela and Mortero ravines -which originate in Alac\u00f3n- and the Escuriza river -at the height of Ari\u00f1o-, join their waters to the Mart\u00edn to open a deep breach in the mountain range known as Los Estrechos, shortly before reaching Albalate del Arzobispo, the northeastern limit of the Mart\u00edn River Cultural Park.<\/p>\n","protected":false},"featured_media":103726,"template":"","categorias_tipos":[103],"acf":[],"yoast_head":"<!-- This site is optimized with the Yoast SEO plugin v22.5 - https:\/\/yoast.com\/wordpress\/plugins\/seo\/ -->\n<title>The physical geographic environment - Parque Cultural del R\u00edo Mart\u00edn<\/title>\n<meta name=\"robots\" content=\"index, follow, max-snippet:-1, max-image-preview:large, max-video-preview:-1\" \/>\n<link rel=\"canonical\" href=\"https:\/\/parqueriomartin.com\/en\/el_parque\/the-physical-geographic-environment\/\" \/>\n<meta property=\"og:locale\" content=\"en_US\" \/>\n<meta property=\"og:type\" content=\"article\" \/>\n<meta property=\"og:title\" content=\"The physical geographic environment - Parque Cultural del R\u00edo Mart\u00edn\" \/>\n<meta property=\"og:description\" content=\"In the center of the Park, the Mart\u00edn River flows through the Calcareous massif of Las Muelas -between the municipalities of Ob\u00f3n and Torre de las Arcas-, the Benicozar and Guard\u00edas mountains -in Alcaine-, and the Los Moros and Sancho Abarca mountain ranges -between the latter town and Oliete-, which are crossed by two of [&hellip;]\" \/>\n<meta property=\"og:url\" content=\"https:\/\/parqueriomartin.com\/en\/el_parque\/the-physical-geographic-environment\/\" \/>\n<meta property=\"og:site_name\" content=\"Parque Cultural del R\u00edo Mart\u00edn\" \/>\n<meta property=\"article:modified_time\" content=\"2022-10-19T17:18:30+00:00\" \/>\n<meta property=\"og:image\" content=\"https:\/\/parqueriomartin.com\/wp-content\/uploads\/cabecera-medio-geografico-fisico-parque-cultural-rio-martin.webp\" \/>\n\t<meta property=\"og:image:width\" content=\"1920\" \/>\n\t<meta property=\"og:image:height\" content=\"1237\" \/>\n\t<meta property=\"og:image:type\" content=\"image\/webp\" \/>\n<meta name=\"twitter:card\" content=\"summary_large_image\" \/>\n<meta name=\"twitter:label1\" content=\"Est. reading time\" \/>\n\t<meta name=\"twitter:data1\" content=\"1 minute\" \/>\n<script type=\"application\/ld+json\" class=\"yoast-schema-graph\">{\"@context\":\"https:\/\/schema.org\",\"@graph\":[{\"@type\":\"WebPage\",\"@id\":\"https:\/\/parqueriomartin.com\/en\/el_parque\/the-physical-geographic-environment\/\",\"url\":\"https:\/\/parqueriomartin.com\/en\/el_parque\/the-physical-geographic-environment\/\",\"name\":\"The physical geographic environment - Parque Cultural del R\u00edo Mart\u00edn\",\"isPartOf\":{\"@id\":\"https:\/\/parqueriomartin.com\/en\/#website\"},\"primaryImageOfPage\":{\"@id\":\"https:\/\/parqueriomartin.com\/en\/el_parque\/the-physical-geographic-environment\/#primaryimage\"},\"image\":{\"@id\":\"https:\/\/parqueriomartin.com\/en\/el_parque\/the-physical-geographic-environment\/#primaryimage\"},\"thumbnailUrl\":\"https:\/\/parqueriomartin.com\/wp-content\/uploads\/cabecera-medio-geografico-fisico-parque-cultural-rio-martin.webp\",\"datePublished\":\"2022-10-13T11:40:44+00:00\",\"dateModified\":\"2022-10-19T17:18:30+00:00\",\"breadcrumb\":{\"@id\":\"https:\/\/parqueriomartin.com\/en\/el_parque\/the-physical-geographic-environment\/#breadcrumb\"},\"inLanguage\":\"en-US\",\"potentialAction\":[{\"@type\":\"ReadAction\",\"target\":[\"https:\/\/parqueriomartin.com\/en\/el_parque\/the-physical-geographic-environment\/\"]}]},{\"@type\":\"ImageObject\",\"inLanguage\":\"en-US\",\"@id\":\"https:\/\/parqueriomartin.com\/en\/el_parque\/the-physical-geographic-environment\/#primaryimage\",\"url\":\"https:\/\/parqueriomartin.com\/wp-content\/uploads\/cabecera-medio-geografico-fisico-parque-cultural-rio-martin.webp\",\"contentUrl\":\"https:\/\/parqueriomartin.com\/wp-content\/uploads\/cabecera-medio-geografico-fisico-parque-cultural-rio-martin.webp\",\"width\":1920,\"height\":1237},{\"@type\":\"BreadcrumbList\",\"@id\":\"https:\/\/parqueriomartin.com\/en\/el_parque\/the-physical-geographic-environment\/#breadcrumb\",\"itemListElement\":[{\"@type\":\"ListItem\",\"position\":1,\"name\":\"Portada\",\"item\":\"https:\/\/parqueriomartin.com\/en\/home\/\"},{\"@type\":\"ListItem\",\"position\":2,\"name\":\"The physical geographic environment\"}]},{\"@type\":\"WebSite\",\"@id\":\"https:\/\/parqueriomartin.com\/en\/#website\",\"url\":\"https:\/\/parqueriomartin.com\/en\/\",\"name\":\"Parque Cultural del R\u00edo Mart\u00edn\",\"description\":\"Conoce los pueblos, las rutas, los centros de interpretaci\u00f3n, las gentes... del Parque Cultural del R\u00edo Mart\u00edn\",\"potentialAction\":[{\"@type\":\"SearchAction\",\"target\":{\"@type\":\"EntryPoint\",\"urlTemplate\":\"https:\/\/parqueriomartin.com\/en\/?s={search_term_string}\"},\"query-input\":\"required name=search_term_string\"}],\"inLanguage\":\"en-US\"}]}<\/script>\n<!-- \/ Yoast SEO plugin. -->","yoast_head_json":{"title":"The physical geographic environment - Parque Cultural del R\u00edo Mart\u00edn","robots":{"index":"index","follow":"follow","max-snippet":"max-snippet:-1","max-image-preview":"max-image-preview:large","max-video-preview":"max-video-preview:-1"},"canonical":"https:\/\/parqueriomartin.com\/en\/el_parque\/the-physical-geographic-environment\/","og_locale":"en_US","og_type":"article","og_title":"The physical geographic environment - Parque Cultural del R\u00edo Mart\u00edn","og_description":"In the center of the Park, the Mart\u00edn River flows through the Calcareous massif of Las Muelas -between the municipalities of Ob\u00f3n and Torre de las Arcas-, the Benicozar and Guard\u00edas mountains -in Alcaine-, and the Los Moros and Sancho Abarca mountain ranges -between the latter town and Oliete-, which are crossed by two of [&hellip;]","og_url":"https:\/\/parqueriomartin.com\/en\/el_parque\/the-physical-geographic-environment\/","og_site_name":"Parque Cultural del R\u00edo Mart\u00edn","article_modified_time":"2022-10-19T17:18:30+00:00","og_image":[{"width":1920,"height":1237,"url":"https:\/\/parqueriomartin.com\/wp-content\/uploads\/cabecera-medio-geografico-fisico-parque-cultural-rio-martin.webp","type":"image\/webp"}],"twitter_card":"summary_large_image","twitter_misc":{"Est. reading time":"1 minute"},"schema":{"@context":"https:\/\/schema.org","@graph":[{"@type":"WebPage","@id":"https:\/\/parqueriomartin.com\/en\/el_parque\/the-physical-geographic-environment\/","url":"https:\/\/parqueriomartin.com\/en\/el_parque\/the-physical-geographic-environment\/","name":"The physical geographic environment - Parque Cultural del R\u00edo Mart\u00edn","isPartOf":{"@id":"https:\/\/parqueriomartin.com\/en\/#website"},"primaryImageOfPage":{"@id":"https:\/\/parqueriomartin.com\/en\/el_parque\/the-physical-geographic-environment\/#primaryimage"},"image":{"@id":"https:\/\/parqueriomartin.com\/en\/el_parque\/the-physical-geographic-environment\/#primaryimage"},"thumbnailUrl":"https:\/\/parqueriomartin.com\/wp-content\/uploads\/cabecera-medio-geografico-fisico-parque-cultural-rio-martin.webp","datePublished":"2022-10-13T11:40:44+00:00","dateModified":"2022-10-19T17:18:30+00:00","breadcrumb":{"@id":"https:\/\/parqueriomartin.com\/en\/el_parque\/the-physical-geographic-environment\/#breadcrumb"},"inLanguage":"en-US","potentialAction":[{"@type":"ReadAction","target":["https:\/\/parqueriomartin.com\/en\/el_parque\/the-physical-geographic-environment\/"]}]},{"@type":"ImageObject","inLanguage":"en-US","@id":"https:\/\/parqueriomartin.com\/en\/el_parque\/the-physical-geographic-environment\/#primaryimage","url":"https:\/\/parqueriomartin.com\/wp-content\/uploads\/cabecera-medio-geografico-fisico-parque-cultural-rio-martin.webp","contentUrl":"https:\/\/parqueriomartin.com\/wp-content\/uploads\/cabecera-medio-geografico-fisico-parque-cultural-rio-martin.webp","width":1920,"height":1237},{"@type":"BreadcrumbList","@id":"https:\/\/parqueriomartin.com\/en\/el_parque\/the-physical-geographic-environment\/#breadcrumb","itemListElement":[{"@type":"ListItem","position":1,"name":"Portada","item":"https:\/\/parqueriomartin.com\/en\/home\/"},{"@type":"ListItem","position":2,"name":"The physical geographic environment"}]},{"@type":"WebSite","@id":"https:\/\/parqueriomartin.com\/en\/#website","url":"https:\/\/parqueriomartin.com\/en\/","name":"Parque Cultural del R\u00edo Mart\u00edn","description":"Conoce los pueblos, las rutas, los centros de interpretaci\u00f3n, las gentes... del Parque Cultural del R\u00edo Mart\u00edn","potentialAction":[{"@type":"SearchAction","target":{"@type":"EntryPoint","urlTemplate":"https:\/\/parqueriomartin.com\/en\/?s={search_term_string}"},"query-input":"required name=search_term_string"}],"inLanguage":"en-US"}]}},"_links":{"self":[{"href":"https:\/\/parqueriomartin.com\/en\/wp-json\/wp\/v2\/el_parque\/103730"}],"collection":[{"href":"https:\/\/parqueriomartin.com\/en\/wp-json\/wp\/v2\/el_parque"}],"about":[{"href":"https:\/\/parqueriomartin.com\/en\/wp-json\/wp\/v2\/types\/el_parque"}],"wp:featuredmedia":[{"embeddable":true,"href":"https:\/\/parqueriomartin.com\/en\/wp-json\/wp\/v2\/media\/103726"}],"wp:attachment":[{"href":"https:\/\/parqueriomartin.com\/en\/wp-json\/wp\/v2\/media?parent=103730"}],"wp:term":[{"taxonomy":"categorias_tipos","embeddable":true,"href":"https:\/\/parqueriomartin.com\/en\/wp-json\/wp\/v2\/categorias_tipos?post=103730"}],"curies":[{"name":"wp","href":"https:\/\/api.w.org\/{rel}","templated":true}]}}

<p>In the center of the Park, the Martín River flows through the Calcareous massif of Las Muelas -between the municipalities of Obón and Torre de las Arcas-, the Benicozar and Guardías mountains -in Alcaine-, and the Los Moros and Sancho Abarca mountain ranges -between the latter town and Oliete-, which are crossed by two of its main tributaries, the Radón River and the Seco River. In the depression that originates in these mountains (Foz del Río Martín) and between the towns of Alcaine and Oliete, the Cueva Foradada reservoir was built, which, while regulating the waters of the Martín for the irrigation of the fertile valley it originates, provides its waters with a rest in their busy meandering.</p>
<p>To the north it is the Arcos mountain range that hindered its flow on its way to its mouth in the Ebro. In its foothills, the Muela and Mortero ravines -which originate in Alacón- and the Escuriza river -at the height of Ariño-, join their waters to the Martín to open a deep breach in the mountain range known as Los Estrechos, shortly before reaching Albalate del Arzobispo, the northeastern limit of the Martín River Cultural Park.</p>

<!-- This site is optimized with the Yoast SEO plugin v22.5 - https://yoast.com/wordpress/plugins/seo/ -->
<title>The physical geographic environment - Parque Cultural del Río Martín</title>
<meta name="robots" content="index, follow, max-snippet:-1, max-image-preview:large, max-video-preview:-1" />
<link rel="canonical" href="https://parqueriomartin.com/en/el_parque/the-physical-geographic-environment/" />
<meta property="og:locale" content="en_US" />
<meta property="og:type" content="article" />
<meta property="og:title" content="The physical geographic environment - Parque Cultural del Río Martín" />
<meta property="og:description" content="In the center of the Park, the Martín River flows through the Calcareous massif of Las Muelas -between the municipalities of Obón and Torre de las Arcas-, the Benicozar and Guardías mountains -in Alcaine-, and the Los Moros and Sancho Abarca mountain ranges -between the latter town and Oliete-, which are crossed by two of [&hellip;]" />
<meta property="og:url" content="https://parqueriomartin.com/en/el_parque/the-physical-geographic-environment/" />
<meta property="og:site_name" content="Parque Cultural del Río Martín" />
<meta property="article:modified_time" content="2022-10-19T17:18:30+00:00" />
<meta property="og:image" content="https://parqueriomartin.com/wp-content/uploads/cabecera-medio-geografico-fisico-parque-cultural-rio-martin.webp" />
	<meta property="og:image:width" content="1920" />
	<meta property="og:image:height" content="1237" />
	<meta property="og:image:type" content="image/webp" />
<meta name="twitter:card" content="summary_large_image" />
<meta name="twitter:label1" content="Est. reading time" />
	<meta name="twitter:data1" content="1 minute" />
<script type="application/ld+json" class="yoast-schema-graph">{"@context":"https://schema.org","@graph":[{"@type":"WebPage","@id":"https://parqueriomartin.com/en/el_parque/the-physical-geographic-environment/","url":"https://parqueriomartin.com/en/el_parque/the-physical-geographic-environment/","name":"The physical geographic environment - Parque Cultural del Río Martín","isPartOf":{"@id":"https://parqueriomartin.com/en/#website"},"primaryImageOfPage":{"@id":"https://parqueriomartin.com/en/el_parque/the-physical-geographic-environment/#primaryimage"},"image":{"@id":"https://parqueriomartin.com/en/el_parque/the-physical-geographic-environment/#primaryimage"},"thumbnailUrl":"https://parqueriomartin.com/wp-content/uploads/cabecera-medio-geografico-fisico-parque-cultural-rio-martin.webp","datePublished":"2022-10-13T11:40:44+00:00","dateModified":"2022-10-19T17:18:30+00:00","breadcrumb":{"@id":"https://parqueriomartin.com/en/el_parque/the-physical-geographic-environment/#breadcrumb"},"inLanguage":"en-US","potentialAction":[{"@type":"ReadAction","target":["https://parqueriomartin.com/en/el_parque/the-physical-geographic-environment/"]}]},{"@type":"ImageObject","inLanguage":"en-US","@id":"https://parqueriomartin.com/en/el_parque/the-physical-geographic-environment/#primaryimage","url":"https://parqueriomartin.com/wp-content/uploads/cabecera-medio-geografico-fisico-parque-cultural-rio-martin.webp","contentUrl":"https://parqueriomartin.com/wp-content/uploads/cabecera-medio-geografico-fisico-parque-cultural-rio-martin.webp","width":1920,"height":1237},{"@type":"BreadcrumbList","@id":"https://parqueriomartin.com/en/el_parque/the-physical-geographic-environment/#breadcrumb","itemListElement":[{"@type":"ListItem","position":1,"name":"Portada","item":"https://parqueriomartin.com/en/home/"},{"@type":"ListItem","position":2,"name":"The physical geographic environment"}]},{"@type":"WebSite","@id":"https://parqueriomartin.com/en/#website","url":"https://parqueriomartin.com/en/","name":"Parque Cultural del Río Martín","description":"Conoce los pueblos, las rutas, los centros de interpretación, las gentes... del Parque Cultural del Río Martín","potentialAction":[{"@type":"SearchAction","target":{"@type":"EntryPoint","urlTemplate":"https://parqueriomartin.com/en/?s={search_term_string}"},"query-input":"required name=search_term_string"}],"inLanguage":"en-US"}]}</script>
<!-- / Yoast SEO plugin. -->

The physical geographic environment - Parque Cultural del Río Martín

In the center of the Park, the Martín River flows through the Calcareous massif of Las Muelas -between the municipalities of Obón and Torre de las Arcas-, the Benicozar and Guardías mountains -in Alcaine-, and the Los Moros and Sancho Abarca mountain ranges -between the latter town and Oliete-, which are crossed by two of [&hellip;]

Parque Cultural del Río Martín

Conoce los pueblos, las rutas, los centros de interpretación, las gentes... del Parque Cultural del Río Martín
