{"id":102656,"date":"2022-10-05T15:19:54","date_gmt":"2022-10-05T15:19:54","guid":{"rendered":"http:\/\/parqueculturalriomartin.com.mialias.net\/pueblos\/arino\/"},"modified":"2022-11-15T20:02:36","modified_gmt":"2022-11-15T20:02:36","slug":"arino","status":"publish","type":"pueblos","link":"https:\/\/parqueriomartin.com\/en\/pueblos\/arino\/","title":{"rendered":"Ari\u00f1o"},"content":{"rendered":"<p>Ari\u00f1o is located in the shelter of the Arcos mountain range at the confluence of the Mart\u00edn and Escuriza rivers. The slopes on which it grew give the streets leading up to the old town a steep slope. It contrasts the <strong>historic center and the old town <\/strong>on the top and on the southern slope, on the sunny side over the Escuriza River, with the modernity of the <strong>mining town<\/strong> oriented to the north over the valley of the Mart\u00edn River.<\/p>\n<p>Thus, the regular urban grid that characterizes the housing constructions for miners is topped by semicircular squares at both ends, connected by the local road. To the northeast the  <strong>Mining Square<\/strong>  and to the southwest the  <strong>Miner&#8217;s Square<\/strong>where a  <strong>old mining castle<\/strong>  used in the first mines of Ari\u00f1o and that has recently been recovered for exhibition and decoration of this square, standing out for its height from the surrounding buildings, such as the old commissary now converted into a  <strong>Mining Museum &#8220;Pozo Corral Negro&#8221;.<\/strong>  and the former offices of the mining company SAMCA. On a terrace, on the slope and at the foot of the Sierra de Arcos, on the slope of the Escuriza River, an old school built by the \u00c1ngel Luengo mining company, later SAMCA, for the children of miners, was adapted for  <strong>Antonio Beltr\u00e1n&#8221; Interpretation Center of Cave Art<\/strong>  and headquarters of the Cultural Park of the Mart\u00edn River.<\/p>\n<p>In contrast to the modernity of this area, we find the primitive urban center, which grew on top of the hill and around it, which must have been selected for the wide visibility it offers and its easy protection, controlling access both through the valley of the Mart\u00edn and Escuriza rivers, and which probably housed an ancient fortified settlement that gave rise to the population.<\/p>\n<p>The union of these two areas is made by means of a long and steep slope &#8211; Teruel street &#8211; which goes up the slope of the hillside transversely until it reaches a square to which once gave way to an arch, an ancient gateway to the primitive enclosure and of which today there are no remains, except for some photographs that remind us of its location, and that show us that to the arch an open chapel was added under the invocation of the Martyr Saints -San Fabi\u00e1n and San Sebasti\u00e1n-, following the structure and aesthetics of the models of the region, and a small open niche in the facade of one of the houses that today welcomes the saints remembering its old location.<\/p>\n<p>The main services of the town (bars, pharmacy and some stores) are concentrated in this square, the junction of the two villages. From here, the primitive urban nucleus unfolds, adapting itself to the gentle irregularities of the hill that sustains it and gives its streets gentle slopes.<\/p>\n<p>The houses are generally three stories high and an old manor house stands out near the main square where the town hall is located, with a traditional Aragonese brick gallery.<\/p>\n<p>The hill preserves the ancient semicircular arched doorway of the well-known <strong>hermitage of Pilar<\/strong>, with molding carved with diamond points and which seems to date back, along with other constructive remains, probably from the old castle, to the 12th century. It is known that the temples dedicated to the Virgin of Pilar are related to the passage of pilgrims through the town. Agust\u00edn Ubieto places Ari\u00f1o on the Calatravan road from Daroca to Calanda.<\/p>\n<p>To the southeast of this hermitage was built the <strong>church of San Salvador<\/strong>, a baroque temple of the eighteenth century, built in masonry and ashlar. The floor plan has three naves, with chapels on the sides. A <strong>sepulcher<\/strong> built in the chapel dedicated to the Virgin of Carmen stands out for its uniqueness. The cross carved on the longitudinal side of the tomb corresponds to the cross of the Calatravos, whose order played an important role in the reconquest of Lower Aragon, having the headquarters of the commandery in the castle of Alca\u00f1iz since the 12th century, and which we must relate to the pilgrimage route indicated. The front of the church is framed by an ashlar facade that houses a unique niche.<\/p>\n<p>The tower stands out from the urban area because of its four bodies, the upper ones octagonal, which on a circular entablature give it its unique cylindrical appearance, attracting attention, above all, because of its steep slope.<\/p>\n<p>At the top of the other summit of the hill today we find the fully restored <strong>hermitage of Santa Barbara<\/strong>, which stands out from the rest of the mining town of which it is the patron saint and to which it provides protection and shelter.<\/p>\n","protected":false},"featured_media":102324,"template":"","categorias_tipos":[105],"acf":[],"yoast_head":"<!-- This site is optimized with the Yoast SEO plugin v22.5 - https:\/\/yoast.com\/wordpress\/plugins\/seo\/ -->\n<title>Ari\u00f1o - Parque Cultural del R\u00edo Mart\u00edn<\/title>\n<meta name=\"robots\" content=\"index, follow, max-snippet:-1, max-image-preview:large, max-video-preview:-1\" \/>\n<link rel=\"canonical\" href=\"https:\/\/parqueriomartin.com\/en\/pueblos\/arino\/\" \/>\n<meta property=\"og:locale\" content=\"en_US\" \/>\n<meta property=\"og:type\" content=\"article\" \/>\n<meta property=\"og:title\" content=\"Ari\u00f1o - Parque Cultural del R\u00edo Mart\u00edn\" \/>\n<meta property=\"og:description\" content=\"Ari\u00f1o is located in the shelter of the Arcos mountain range at the confluence of the Mart\u00edn and Escuriza rivers. The slopes on which it grew give the streets leading up to the old town a steep slope. It contrasts the historic center and the old town on the top and on the southern slope, [&hellip;]\" \/>\n<meta property=\"og:url\" content=\"https:\/\/parqueriomartin.com\/en\/pueblos\/arino\/\" \/>\n<meta property=\"og:site_name\" content=\"Parque Cultural del R\u00edo Mart\u00edn\" \/>\n<meta property=\"article:modified_time\" content=\"2022-11-15T20:02:36+00:00\" \/>\n<meta property=\"og:image\" content=\"https:\/\/parqueriomartin.com\/wp-content\/uploads\/cabecera-pueblo-arino-parque-cultural-rio-martin.webp\" \/>\n\t<meta property=\"og:image:width\" content=\"1920\" \/>\n\t<meta property=\"og:image:height\" content=\"1285\" \/>\n\t<meta property=\"og:image:type\" content=\"image\/webp\" \/>\n<meta name=\"twitter:card\" content=\"summary_large_image\" \/>\n<meta name=\"twitter:label1\" content=\"Est. reading time\" \/>\n\t<meta name=\"twitter:data1\" content=\"4 minutes\" \/>\n<script type=\"application\/ld+json\" class=\"yoast-schema-graph\">{\"@context\":\"https:\/\/schema.org\",\"@graph\":[{\"@type\":\"WebPage\",\"@id\":\"https:\/\/parqueriomartin.com\/en\/pueblos\/arino\/\",\"url\":\"https:\/\/parqueriomartin.com\/en\/pueblos\/arino\/\",\"name\":\"Ari\u00f1o - Parque Cultural del R\u00edo Mart\u00edn\",\"isPartOf\":{\"@id\":\"https:\/\/parqueriomartin.com\/en\/#website\"},\"primaryImageOfPage\":{\"@id\":\"https:\/\/parqueriomartin.com\/en\/pueblos\/arino\/#primaryimage\"},\"image\":{\"@id\":\"https:\/\/parqueriomartin.com\/en\/pueblos\/arino\/#primaryimage\"},\"thumbnailUrl\":\"https:\/\/parqueriomartin.com\/wp-content\/uploads\/cabecera-pueblo-arino-parque-cultural-rio-martin.webp\",\"datePublished\":\"2022-10-05T15:19:54+00:00\",\"dateModified\":\"2022-11-15T20:02:36+00:00\",\"breadcrumb\":{\"@id\":\"https:\/\/parqueriomartin.com\/en\/pueblos\/arino\/#breadcrumb\"},\"inLanguage\":\"en-US\",\"potentialAction\":[{\"@type\":\"ReadAction\",\"target\":[\"https:\/\/parqueriomartin.com\/en\/pueblos\/arino\/\"]}]},{\"@type\":\"ImageObject\",\"inLanguage\":\"en-US\",\"@id\":\"https:\/\/parqueriomartin.com\/en\/pueblos\/arino\/#primaryimage\",\"url\":\"https:\/\/parqueriomartin.com\/wp-content\/uploads\/cabecera-pueblo-arino-parque-cultural-rio-martin.webp\",\"contentUrl\":\"https:\/\/parqueriomartin.com\/wp-content\/uploads\/cabecera-pueblo-arino-parque-cultural-rio-martin.webp\",\"width\":1920,\"height\":1285},{\"@type\":\"BreadcrumbList\",\"@id\":\"https:\/\/parqueriomartin.com\/en\/pueblos\/arino\/#breadcrumb\",\"itemListElement\":[{\"@type\":\"ListItem\",\"position\":1,\"name\":\"Portada\",\"item\":\"https:\/\/parqueriomartin.com\/en\/home\/\"},{\"@type\":\"ListItem\",\"position\":2,\"name\":\"Ari\u00f1o\"}]},{\"@type\":\"WebSite\",\"@id\":\"https:\/\/parqueriomartin.com\/en\/#website\",\"url\":\"https:\/\/parqueriomartin.com\/en\/\",\"name\":\"Parque Cultural del R\u00edo Mart\u00edn\",\"description\":\"Conoce los pueblos, las rutas, los centros de interpretaci\u00f3n, las gentes... del Parque Cultural del R\u00edo Mart\u00edn\",\"potentialAction\":[{\"@type\":\"SearchAction\",\"target\":{\"@type\":\"EntryPoint\",\"urlTemplate\":\"https:\/\/parqueriomartin.com\/en\/?s={search_term_string}\"},\"query-input\":\"required name=search_term_string\"}],\"inLanguage\":\"en-US\"}]}<\/script>\n<!-- \/ Yoast SEO plugin. -->","yoast_head_json":{"title":"Ari\u00f1o - Parque Cultural del R\u00edo Mart\u00edn","robots":{"index":"index","follow":"follow","max-snippet":"max-snippet:-1","max-image-preview":"max-image-preview:large","max-video-preview":"max-video-preview:-1"},"canonical":"https:\/\/parqueriomartin.com\/en\/pueblos\/arino\/","og_locale":"en_US","og_type":"article","og_title":"Ari\u00f1o - Parque Cultural del R\u00edo Mart\u00edn","og_description":"Ari\u00f1o is located in the shelter of the Arcos mountain range at the confluence of the Mart\u00edn and Escuriza rivers. The slopes on which it grew give the streets leading up to the old town a steep slope. It contrasts the historic center and the old town on the top and on the southern slope, [&hellip;]","og_url":"https:\/\/parqueriomartin.com\/en\/pueblos\/arino\/","og_site_name":"Parque Cultural del R\u00edo Mart\u00edn","article_modified_time":"2022-11-15T20:02:36+00:00","og_image":[{"width":1920,"height":1285,"url":"https:\/\/parqueriomartin.com\/wp-content\/uploads\/cabecera-pueblo-arino-parque-cultural-rio-martin.webp","type":"image\/webp"}],"twitter_card":"summary_large_image","twitter_misc":{"Est. reading time":"4 minutes"},"schema":{"@context":"https:\/\/schema.org","@graph":[{"@type":"WebPage","@id":"https:\/\/parqueriomartin.com\/en\/pueblos\/arino\/","url":"https:\/\/parqueriomartin.com\/en\/pueblos\/arino\/","name":"Ari\u00f1o - Parque Cultural del R\u00edo Mart\u00edn","isPartOf":{"@id":"https:\/\/parqueriomartin.com\/en\/#website"},"primaryImageOfPage":{"@id":"https:\/\/parqueriomartin.com\/en\/pueblos\/arino\/#primaryimage"},"image":{"@id":"https:\/\/parqueriomartin.com\/en\/pueblos\/arino\/#primaryimage"},"thumbnailUrl":"https:\/\/parqueriomartin.com\/wp-content\/uploads\/cabecera-pueblo-arino-parque-cultural-rio-martin.webp","datePublished":"2022-10-05T15:19:54+00:00","dateModified":"2022-11-15T20:02:36+00:00","breadcrumb":{"@id":"https:\/\/parqueriomartin.com\/en\/pueblos\/arino\/#breadcrumb"},"inLanguage":"en-US","potentialAction":[{"@type":"ReadAction","target":["https:\/\/parqueriomartin.com\/en\/pueblos\/arino\/"]}]},{"@type":"ImageObject","inLanguage":"en-US","@id":"https:\/\/parqueriomartin.com\/en\/pueblos\/arino\/#primaryimage","url":"https:\/\/parqueriomartin.com\/wp-content\/uploads\/cabecera-pueblo-arino-parque-cultural-rio-martin.webp","contentUrl":"https:\/\/parqueriomartin.com\/wp-content\/uploads\/cabecera-pueblo-arino-parque-cultural-rio-martin.webp","width":1920,"height":1285},{"@type":"BreadcrumbList","@id":"https:\/\/parqueriomartin.com\/en\/pueblos\/arino\/#breadcrumb","itemListElement":[{"@type":"ListItem","position":1,"name":"Portada","item":"https:\/\/parqueriomartin.com\/en\/home\/"},{"@type":"ListItem","position":2,"name":"Ari\u00f1o"}]},{"@type":"WebSite","@id":"https:\/\/parqueriomartin.com\/en\/#website","url":"https:\/\/parqueriomartin.com\/en\/","name":"Parque Cultural del R\u00edo Mart\u00edn","description":"Conoce los pueblos, las rutas, los centros de interpretaci\u00f3n, las gentes... del Parque Cultural del R\u00edo Mart\u00edn","potentialAction":[{"@type":"SearchAction","target":{"@type":"EntryPoint","urlTemplate":"https:\/\/parqueriomartin.com\/en\/?s={search_term_string}"},"query-input":"required name=search_term_string"}],"inLanguage":"en-US"}]}},"_links":{"self":[{"href":"https:\/\/parqueriomartin.com\/en\/wp-json\/wp\/v2\/pueblos\/102656"}],"collection":[{"href":"https:\/\/parqueriomartin.com\/en\/wp-json\/wp\/v2\/pueblos"}],"about":[{"href":"https:\/\/parqueriomartin.com\/en\/wp-json\/wp\/v2\/types\/pueblos"}],"wp:featuredmedia":[{"embeddable":true,"href":"https:\/\/parqueriomartin.com\/en\/wp-json\/wp\/v2\/media\/102324"}],"wp:attachment":[{"href":"https:\/\/parqueriomartin.com\/en\/wp-json\/wp\/v2\/media?parent=102656"}],"wp:term":[{"taxonomy":"categorias_tipos","embeddable":true,"href":"https:\/\/parqueriomartin.com\/en\/wp-json\/wp\/v2\/categorias_tipos?post=102656"}],"curies":[{"name":"wp","href":"https:\/\/api.w.org\/{rel}","templated":true}]}}

Ariño

<p>Ariño is located in the shelter of the Arcos mountain range at the confluence of the Martín and Escuriza rivers. The slopes on which it grew give the streets leading up to the old town a steep slope. It contrasts the <strong>historic center and the old town </strong>on the top and on the southern slope, on the sunny side over the Escuriza River, with the modernity of the <strong>mining town</strong> oriented to the north over the valley of the Martín River.</p>
<p>Thus, the regular urban grid that characterizes the housing constructions for miners is topped by semicircular squares at both ends, connected by the local road. To the northeast the  <strong>Mining Square</strong>  and to the southwest the  <strong>Miner&#8217;s Square</strong>where a  <strong>old mining castle</strong>  used in the first mines of Ariño and that has recently been recovered for exhibition and decoration of this square, standing out for its height from the surrounding buildings, such as the old commissary now converted into a  <strong>Mining Museum &#8220;Pozo Corral Negro&#8221;.</strong>  and the former offices of the mining company SAMCA. On a terrace, on the slope and at the foot of the Sierra de Arcos, on the slope of the Escuriza River, an old school built by the Ángel Luengo mining company, later SAMCA, for the children of miners, was adapted for  <strong>Antonio Beltrán&#8221; Interpretation Center of Cave Art</strong>  and headquarters of the Cultural Park of the Martín River.</p>
<p>In contrast to the modernity of this area, we find the primitive urban center, which grew on top of the hill and around it, which must have been selected for the wide visibility it offers and its easy protection, controlling access both through the valley of the Martín and Escuriza rivers, and which probably housed an ancient fortified settlement that gave rise to the population.</p>
<p>The union of these two areas is made by means of a long and steep slope &#8211; Teruel street &#8211; which goes up the slope of the hillside transversely until it reaches a square to which once gave way to an arch, an ancient gateway to the primitive enclosure and of which today there are no remains, except for some photographs that remind us of its location, and that show us that to the arch an open chapel was added under the invocation of the Martyr Saints -San Fabián and San Sebastián-, following the structure and aesthetics of the models of the region, and a small open niche in the facade of one of the houses that today welcomes the saints remembering its old location.</p>
<p>The main services of the town (bars, pharmacy and some stores) are concentrated in this square, the junction of the two villages. From here, the primitive urban nucleus unfolds, adapting itself to the gentle irregularities of the hill that sustains it and gives its streets gentle slopes.</p>
<p>The houses are generally three stories high and an old manor house stands out near the main square where the town hall is located, with a traditional Aragonese brick gallery.</p>
<p>The hill preserves the ancient semicircular arched doorway of the well-known <strong>hermitage of Pilar</strong>, with molding carved with diamond points and which seems to date back, along with other constructive remains, probably from the old castle, to the 12th century. It is known that the temples dedicated to the Virgin of Pilar are related to the passage of pilgrims through the town. Agustín Ubieto places Ariño on the Calatravan road from Daroca to Calanda.</p>
<p>To the southeast of this hermitage was built the <strong>church of San Salvador</strong>, a baroque temple of the eighteenth century, built in masonry and ashlar. The floor plan has three naves, with chapels on the sides. A <strong>sepulcher</strong> built in the chapel dedicated to the Virgin of Carmen stands out for its uniqueness. The cross carved on the longitudinal side of the tomb corresponds to the cross of the Calatravos, whose order played an important role in the reconquest of Lower Aragon, having the headquarters of the commandery in the castle of Alcañiz since the 12th century, and which we must relate to the pilgrimage route indicated. The front of the church is framed by an ashlar facade that houses a unique niche.</p>
<p>The tower stands out from the urban area because of its four bodies, the upper ones octagonal, which on a circular entablature give it its unique cylindrical appearance, attracting attention, above all, because of its steep slope.</p>
<p>At the top of the other summit of the hill today we find the fully restored <strong>hermitage of Santa Barbara</strong>, which stands out from the rest of the mining town of which it is the patron saint and to which it provides protection and shelter.</p>

<!-- This site is optimized with the Yoast SEO plugin v22.5 - https://yoast.com/wordpress/plugins/seo/ -->
<title>Ariño - Parque Cultural del Río Martín</title>
<meta name="robots" content="index, follow, max-snippet:-1, max-image-preview:large, max-video-preview:-1" />
<link rel="canonical" href="https://parqueriomartin.com/en/pueblos/arino/" />
<meta property="og:locale" content="en_US" />
<meta property="og:type" content="article" />
<meta property="og:title" content="Ariño - Parque Cultural del Río Martín" />
<meta property="og:description" content="Ariño is located in the shelter of the Arcos mountain range at the confluence of the Martín and Escuriza rivers. The slopes on which it grew give the streets leading up to the old town a steep slope. It contrasts the historic center and the old town on the top and on the southern slope, [&hellip;]" />
<meta property="og:url" content="https://parqueriomartin.com/en/pueblos/arino/" />
<meta property="og:site_name" content="Parque Cultural del Río Martín" />
<meta property="article:modified_time" content="2022-11-15T20:02:36+00:00" />
<meta property="og:image" content="https://parqueriomartin.com/wp-content/uploads/cabecera-pueblo-arino-parque-cultural-rio-martin.webp" />
	<meta property="og:image:width" content="1920" />
	<meta property="og:image:height" content="1285" />
	<meta property="og:image:type" content="image/webp" />
<meta name="twitter:card" content="summary_large_image" />
<meta name="twitter:label1" content="Est. reading time" />
	<meta name="twitter:data1" content="4 minutes" />
<script type="application/ld+json" class="yoast-schema-graph">{"@context":"https://schema.org","@graph":[{"@type":"WebPage","@id":"https://parqueriomartin.com/en/pueblos/arino/","url":"https://parqueriomartin.com/en/pueblos/arino/","name":"Ariño - Parque Cultural del Río Martín","isPartOf":{"@id":"https://parqueriomartin.com/en/#website"},"primaryImageOfPage":{"@id":"https://parqueriomartin.com/en/pueblos/arino/#primaryimage"},"image":{"@id":"https://parqueriomartin.com/en/pueblos/arino/#primaryimage"},"thumbnailUrl":"https://parqueriomartin.com/wp-content/uploads/cabecera-pueblo-arino-parque-cultural-rio-martin.webp","datePublished":"2022-10-05T15:19:54+00:00","dateModified":"2022-11-15T20:02:36+00:00","breadcrumb":{"@id":"https://parqueriomartin.com/en/pueblos/arino/#breadcrumb"},"inLanguage":"en-US","potentialAction":[{"@type":"ReadAction","target":["https://parqueriomartin.com/en/pueblos/arino/"]}]},{"@type":"ImageObject","inLanguage":"en-US","@id":"https://parqueriomartin.com/en/pueblos/arino/#primaryimage","url":"https://parqueriomartin.com/wp-content/uploads/cabecera-pueblo-arino-parque-cultural-rio-martin.webp","contentUrl":"https://parqueriomartin.com/wp-content/uploads/cabecera-pueblo-arino-parque-cultural-rio-martin.webp","width":1920,"height":1285},{"@type":"BreadcrumbList","@id":"https://parqueriomartin.com/en/pueblos/arino/#breadcrumb","itemListElement":[{"@type":"ListItem","position":1,"name":"Portada","item":"https://parqueriomartin.com/en/home/"},{"@type":"ListItem","position":2,"name":"Ariño"}]},{"@type":"WebSite","@id":"https://parqueriomartin.com/en/#website","url":"https://parqueriomartin.com/en/","name":"Parque Cultural del Río Martín","description":"Conoce los pueblos, las rutas, los centros de interpretación, las gentes... del Parque Cultural del Río Martín","potentialAction":[{"@type":"SearchAction","target":{"@type":"EntryPoint","urlTemplate":"https://parqueriomartin.com/en/?s={search_term_string}"},"query-input":"required name=search_term_string"}],"inLanguage":"en-US"}]}</script>
<!-- / Yoast SEO plugin. -->

Ariño - Parque Cultural del Río Martín

Ariño is located in the shelter of the Arcos mountain range at the confluence of the Martín and Escuriza rivers. The slopes on which it grew give the streets leading up to the old town a steep slope. It contrasts the historic center and the old town on the top and on the southern slope, [&hellip;]

Parque Cultural del Río Martín

Conoce los pueblos, las rutas, los centros de interpretación, las gentes... del Parque Cultural del Río Martín
