{"id":102657,"date":"2022-10-04T11:19:22","date_gmt":"2022-10-04T11:19:22","guid":{"rendered":"http:\/\/parqueculturalriomartin.com.mialias.net\/pueblos\/montalban\/"},"modified":"2023-11-11T14:26:44","modified_gmt":"2023-11-11T14:26:44","slug":"montalban","status":"publish","type":"pueblos","link":"https:\/\/parqueriomartin.com\/en\/pueblos\/montalban\/","title":{"rendered":"Montalban"},"content":{"rendered":"<p>The town of <strong>Montalb\u00e1n<\/strong> borders the Mart\u00edn River Cultural Park to the south. Located in the Cuenca Minera Central, it appears in 1189 in the hands of the Azagra de Albarrac\u00edn, to later become the seat of the Commandery of the Order of Santiago in the Crown of Aragon, which instituted in the thirteenth century -Peter II gave the town to the Military Order of Santiago in 1210-, had jurisdiction over the surrounding territories of Utrillas, Castel de Cabra, Palomar de Arroyos, Torre de las Arcas and Pe\u00f1arroyas.<\/p>\n<p>The locality is also mentioned in the Cantar de Mio Cid when describing his raids along the Mart\u00edn river valley&#8221;.<em>The (Val) of the Mart\u00edn river all went to Paria.<\/em>&#8220;, citing this locality in verse 1089 &#8220;<em>e dexado a Huesa e tierras de Mont Alvan \/ Contra la mar salada conpe\u00e7o de guerrear<\/em>&#8220;. As a result of its passage, the toponymy could be enlightening, knowing the surroundings of the Infierno ravine, such as the Pe\u00f1a del Cid and the Pe\u00f1a del Cid ravine.<\/p>\n<p>Of the <strong>walled enclosure<\/strong> that extended along the left bank of the Mart\u00edn river, there are still significant remains and some camouflaged among the constructions of buildings. Inside the enclosure, two rocky escarpments control the accesses through the valley and undoubtedly played a major role in medieval times according to the remains located in the easternmost of both, where the &#8220;.<strong>Castle&#8221;  <\/strong>of the town that watched over and controlled the access to the interior through the Mart\u00edn river valley. Remains of this castle can still be seen in the remains of ashlar constructions camouflaged among the escarpments that today are known as &#8220;las pe\u00f1icas&#8221;. From the other elevation -era de la Cruz-, you can see and control the access through the ravine of the wadi, from where you can enjoy a good partial view of the town, with the image of the church that emerges over the roofs of the village.<\/p>\n<p>The perimeter of the wall strategically accommodated both elevations. Towards the west, we locate the &#8220;<strong>portal of Daroca&#8221;,<\/strong> with a portico of good masonry, on which rests a cube of the wall and a tower whose interior was destined for prison of the town and that also gave its name &#8220;Torre\u00f3n de la C\u00e1rcel&#8221;. From here the main axis of the town, initially called Daroca street, straight, narrow and urban, with <strong>ancestral buildings<\/strong> giving a stately character to the space. From this street and in a northerly direction, two <strong>small squares<\/strong> open up and covered passageways or alleys are generated on the right<strong> (the Jewish quarter) and <\/strong>on the left others that ascend towards the elevation of the Era de la Cruz.<\/p>\n<p>Daroca Street ends at Plaza Carlos Castel -where the town hall is located-. In this square is located the most outstanding building of the town, standing out for its volume and overwhelming majesty, the<strong> &#8220;Church of Santiago&#8221;,<\/strong> considered one of the most distinguished buildings of Aragon, a jewel of the Gothic-Mudejar style in Teruel, built during the thirteenth and fourteenth centuries. The temple, dedicated to Santa Mar\u00eda and the apostle Santiago el Mayor, was built on an impressive stone wall of well-worked ashlars, giving it an air of strength due to its sobriety and volume. In the upper bodies of the temple and the tower, bricks carefully ornamented with colored glazed terracotta inlays were used, adding and diversifying the chromatic variety offered by the temple as a whole, an example of medieval Aragonese architecture. The buttresses that surround the building are square, adopting a polygonal shape in the apse. The interior of the single nave church is one of the widest in Spain. It has a basilica floor plan, with a heptagonal apse at the east end, while the bell tower rises on the opposite side. A brick wall surrounds the basilica nave. Two monumental gothic portals of strong flaring, with archivolts of pointed arches give access to the nave from both sides of the building.<\/p>\n<p><iframe loading=\"lazy\" src=\"https:\/\/my.matterport.com\/show\/?m=7DgmGgZH8Cc\" width=\"853\" height=\"480\" frameborder=\"0\" allowfullscreen=\"allowfullscreen\"><\/iframe><\/p>\n<p>To the east, the main axis extends from the square through the street of Santa Engracia, from which depart alleys in both directions showing a more popular neighborhood. To the north, the &#8220;<strong>portal de la Rambla&#8221;<\/strong> opens. At the end of the street, there is the &#8220;<strong>portal of Santa Engracia&#8221; or &#8220;arch of the Wall&#8221;,<\/strong> which marked the way to the hermitage of the same name, now in ruins, to flow into the bed of the ravine of La Muela and join the local access road to Pe\u00f1arroyas.<\/p>\n<p>Manor houses, coats of arms on the porches, passageways, cantilevered floors, covered alleys, viewpoints, make every corner of this town remind us of its rich medieval past as historical head of the region, enriched by the subway conduits that run through it and that are ancient and spectacular drainage channels known as &#8220;.<strong>the pipe of the villa<\/strong>&#8220;.<\/p>\n<p>Recently, under the church, a large artificial cavity was found which, after cleaning, appeared to be a <strong>large cellar<\/strong>, probably dating from the 17th century, and which today houses the <strong>Geology and Speleology Interpretation Center of<\/strong> the Mart\u00edn River Cultural Park. Near the cemetery, already on the right bank of the Mart\u00edn river, is located the <strong>refrigerator<\/strong>, recently consolidated and restored.<\/p>\n","protected":false},"featured_media":102174,"template":"","categorias_tipos":[105],"acf":[],"yoast_head":"<!-- This site is optimized with the Yoast SEO plugin v22.5 - https:\/\/yoast.com\/wordpress\/plugins\/seo\/ -->\n<title>Montalban - Parque Cultural del R\u00edo Mart\u00edn<\/title>\n<meta name=\"robots\" content=\"index, follow, max-snippet:-1, max-image-preview:large, max-video-preview:-1\" \/>\n<link rel=\"canonical\" href=\"https:\/\/parqueriomartin.com\/en\/pueblos\/montalban\/\" \/>\n<meta property=\"og:locale\" content=\"en_US\" \/>\n<meta property=\"og:type\" content=\"article\" \/>\n<meta property=\"og:title\" content=\"Montalban - Parque Cultural del R\u00edo Mart\u00edn\" \/>\n<meta property=\"og:description\" content=\"The town of Montalb\u00e1n borders the Mart\u00edn River Cultural Park to the south. Located in the Cuenca Minera Central, it appears in 1189 in the hands of the Azagra de Albarrac\u00edn, to later become the seat of the Commandery of the Order of Santiago in the Crown of Aragon, which instituted in the thirteenth century [&hellip;]\" \/>\n<meta property=\"og:url\" content=\"https:\/\/parqueriomartin.com\/en\/pueblos\/montalban\/\" \/>\n<meta property=\"og:site_name\" content=\"Parque Cultural del R\u00edo Mart\u00edn\" \/>\n<meta property=\"article:modified_time\" content=\"2023-11-11T14:26:44+00:00\" \/>\n<meta property=\"og:image\" content=\"https:\/\/parqueriomartin.com\/wp-content\/uploads\/cabecera-pueblo-montalban-parque-cultural-rio-martin.webp\" \/>\n\t<meta property=\"og:image:width\" content=\"1920\" \/>\n\t<meta property=\"og:image:height\" content=\"1440\" \/>\n\t<meta property=\"og:image:type\" content=\"image\/webp\" \/>\n<meta name=\"twitter:card\" content=\"summary_large_image\" \/>\n<meta name=\"twitter:label1\" content=\"Est. reading time\" \/>\n\t<meta name=\"twitter:data1\" content=\"4 minutes\" \/>\n<script type=\"application\/ld+json\" class=\"yoast-schema-graph\">{\"@context\":\"https:\/\/schema.org\",\"@graph\":[{\"@type\":\"WebPage\",\"@id\":\"https:\/\/parqueriomartin.com\/en\/pueblos\/montalban\/\",\"url\":\"https:\/\/parqueriomartin.com\/en\/pueblos\/montalban\/\",\"name\":\"Montalban - Parque Cultural del R\u00edo Mart\u00edn\",\"isPartOf\":{\"@id\":\"https:\/\/parqueriomartin.com\/en\/#website\"},\"primaryImageOfPage\":{\"@id\":\"https:\/\/parqueriomartin.com\/en\/pueblos\/montalban\/#primaryimage\"},\"image\":{\"@id\":\"https:\/\/parqueriomartin.com\/en\/pueblos\/montalban\/#primaryimage\"},\"thumbnailUrl\":\"https:\/\/parqueriomartin.com\/wp-content\/uploads\/cabecera-pueblo-montalban-parque-cultural-rio-martin.webp\",\"datePublished\":\"2022-10-04T11:19:22+00:00\",\"dateModified\":\"2023-11-11T14:26:44+00:00\",\"breadcrumb\":{\"@id\":\"https:\/\/parqueriomartin.com\/en\/pueblos\/montalban\/#breadcrumb\"},\"inLanguage\":\"en-US\",\"potentialAction\":[{\"@type\":\"ReadAction\",\"target\":[\"https:\/\/parqueriomartin.com\/en\/pueblos\/montalban\/\"]}]},{\"@type\":\"ImageObject\",\"inLanguage\":\"en-US\",\"@id\":\"https:\/\/parqueriomartin.com\/en\/pueblos\/montalban\/#primaryimage\",\"url\":\"https:\/\/parqueriomartin.com\/wp-content\/uploads\/cabecera-pueblo-montalban-parque-cultural-rio-martin.webp\",\"contentUrl\":\"https:\/\/parqueriomartin.com\/wp-content\/uploads\/cabecera-pueblo-montalban-parque-cultural-rio-martin.webp\",\"width\":1920,\"height\":1440},{\"@type\":\"BreadcrumbList\",\"@id\":\"https:\/\/parqueriomartin.com\/en\/pueblos\/montalban\/#breadcrumb\",\"itemListElement\":[{\"@type\":\"ListItem\",\"position\":1,\"name\":\"Portada\",\"item\":\"https:\/\/parqueriomartin.com\/en\/home\/\"},{\"@type\":\"ListItem\",\"position\":2,\"name\":\"Montalban\"}]},{\"@type\":\"WebSite\",\"@id\":\"https:\/\/parqueriomartin.com\/en\/#website\",\"url\":\"https:\/\/parqueriomartin.com\/en\/\",\"name\":\"Parque Cultural del R\u00edo Mart\u00edn\",\"description\":\"Conoce los pueblos, las rutas, los centros de interpretaci\u00f3n, las gentes... del Parque Cultural del R\u00edo Mart\u00edn\",\"potentialAction\":[{\"@type\":\"SearchAction\",\"target\":{\"@type\":\"EntryPoint\",\"urlTemplate\":\"https:\/\/parqueriomartin.com\/en\/?s={search_term_string}\"},\"query-input\":\"required name=search_term_string\"}],\"inLanguage\":\"en-US\"}]}<\/script>\n<!-- \/ Yoast SEO plugin. -->","yoast_head_json":{"title":"Montalban - Parque Cultural del R\u00edo Mart\u00edn","robots":{"index":"index","follow":"follow","max-snippet":"max-snippet:-1","max-image-preview":"max-image-preview:large","max-video-preview":"max-video-preview:-1"},"canonical":"https:\/\/parqueriomartin.com\/en\/pueblos\/montalban\/","og_locale":"en_US","og_type":"article","og_title":"Montalban - Parque Cultural del R\u00edo Mart\u00edn","og_description":"The town of Montalb\u00e1n borders the Mart\u00edn River Cultural Park to the south. Located in the Cuenca Minera Central, it appears in 1189 in the hands of the Azagra de Albarrac\u00edn, to later become the seat of the Commandery of the Order of Santiago in the Crown of Aragon, which instituted in the thirteenth century [&hellip;]","og_url":"https:\/\/parqueriomartin.com\/en\/pueblos\/montalban\/","og_site_name":"Parque Cultural del R\u00edo Mart\u00edn","article_modified_time":"2023-11-11T14:26:44+00:00","og_image":[{"width":1920,"height":1440,"url":"https:\/\/parqueriomartin.com\/wp-content\/uploads\/cabecera-pueblo-montalban-parque-cultural-rio-martin.webp","type":"image\/webp"}],"twitter_card":"summary_large_image","twitter_misc":{"Est. reading time":"4 minutes"},"schema":{"@context":"https:\/\/schema.org","@graph":[{"@type":"WebPage","@id":"https:\/\/parqueriomartin.com\/en\/pueblos\/montalban\/","url":"https:\/\/parqueriomartin.com\/en\/pueblos\/montalban\/","name":"Montalban - Parque Cultural del R\u00edo Mart\u00edn","isPartOf":{"@id":"https:\/\/parqueriomartin.com\/en\/#website"},"primaryImageOfPage":{"@id":"https:\/\/parqueriomartin.com\/en\/pueblos\/montalban\/#primaryimage"},"image":{"@id":"https:\/\/parqueriomartin.com\/en\/pueblos\/montalban\/#primaryimage"},"thumbnailUrl":"https:\/\/parqueriomartin.com\/wp-content\/uploads\/cabecera-pueblo-montalban-parque-cultural-rio-martin.webp","datePublished":"2022-10-04T11:19:22+00:00","dateModified":"2023-11-11T14:26:44+00:00","breadcrumb":{"@id":"https:\/\/parqueriomartin.com\/en\/pueblos\/montalban\/#breadcrumb"},"inLanguage":"en-US","potentialAction":[{"@type":"ReadAction","target":["https:\/\/parqueriomartin.com\/en\/pueblos\/montalban\/"]}]},{"@type":"ImageObject","inLanguage":"en-US","@id":"https:\/\/parqueriomartin.com\/en\/pueblos\/montalban\/#primaryimage","url":"https:\/\/parqueriomartin.com\/wp-content\/uploads\/cabecera-pueblo-montalban-parque-cultural-rio-martin.webp","contentUrl":"https:\/\/parqueriomartin.com\/wp-content\/uploads\/cabecera-pueblo-montalban-parque-cultural-rio-martin.webp","width":1920,"height":1440},{"@type":"BreadcrumbList","@id":"https:\/\/parqueriomartin.com\/en\/pueblos\/montalban\/#breadcrumb","itemListElement":[{"@type":"ListItem","position":1,"name":"Portada","item":"https:\/\/parqueriomartin.com\/en\/home\/"},{"@type":"ListItem","position":2,"name":"Montalban"}]},{"@type":"WebSite","@id":"https:\/\/parqueriomartin.com\/en\/#website","url":"https:\/\/parqueriomartin.com\/en\/","name":"Parque Cultural del R\u00edo Mart\u00edn","description":"Conoce los pueblos, las rutas, los centros de interpretaci\u00f3n, las gentes... del Parque Cultural del R\u00edo Mart\u00edn","potentialAction":[{"@type":"SearchAction","target":{"@type":"EntryPoint","urlTemplate":"https:\/\/parqueriomartin.com\/en\/?s={search_term_string}"},"query-input":"required name=search_term_string"}],"inLanguage":"en-US"}]}},"_links":{"self":[{"href":"https:\/\/parqueriomartin.com\/en\/wp-json\/wp\/v2\/pueblos\/102657"}],"collection":[{"href":"https:\/\/parqueriomartin.com\/en\/wp-json\/wp\/v2\/pueblos"}],"about":[{"href":"https:\/\/parqueriomartin.com\/en\/wp-json\/wp\/v2\/types\/pueblos"}],"wp:featuredmedia":[{"embeddable":true,"href":"https:\/\/parqueriomartin.com\/en\/wp-json\/wp\/v2\/media\/102174"}],"wp:attachment":[{"href":"https:\/\/parqueriomartin.com\/en\/wp-json\/wp\/v2\/media?parent=102657"}],"wp:term":[{"taxonomy":"categorias_tipos","embeddable":true,"href":"https:\/\/parqueriomartin.com\/en\/wp-json\/wp\/v2\/categorias_tipos?post=102657"}],"curies":[{"name":"wp","href":"https:\/\/api.w.org\/{rel}","templated":true}]}}

<p>The town of <strong>Montalbán</strong> borders the Martín River Cultural Park to the south. Located in the Cuenca Minera Central, it appears in 1189 in the hands of the Azagra de Albarracín, to later become the seat of the Commandery of the Order of Santiago in the Crown of Aragon, which instituted in the thirteenth century -Peter II gave the town to the Military Order of Santiago in 1210-, had jurisdiction over the surrounding territories of Utrillas, Castel de Cabra, Palomar de Arroyos, Torre de las Arcas and Peñarroyas.</p>
<p>The locality is also mentioned in the Cantar de Mio Cid when describing his raids along the Martín river valley&#8221;.<em>The (Val) of the Martín river all went to Paria.</em>&#8220;, citing this locality in verse 1089 &#8220;<em>e dexado a Huesa e tierras de Mont Alvan / Contra la mar salada conpeço de guerrear</em>&#8220;. As a result of its passage, the toponymy could be enlightening, knowing the surroundings of the Infierno ravine, such as the Peña del Cid and the Peña del Cid ravine.</p>
<p>Of the <strong>walled enclosure</strong> that extended along the left bank of the Martín river, there are still significant remains and some camouflaged among the constructions of buildings. Inside the enclosure, two rocky escarpments control the accesses through the valley and undoubtedly played a major role in medieval times according to the remains located in the easternmost of both, where the &#8220;.<strong>Castle&#8221;  </strong>of the town that watched over and controlled the access to the interior through the Martín river valley. Remains of this castle can still be seen in the remains of ashlar constructions camouflaged among the escarpments that today are known as &#8220;las peñicas&#8221;. From the other elevation -era de la Cruz-, you can see and control the access through the ravine of the wadi, from where you can enjoy a good partial view of the town, with the image of the church that emerges over the roofs of the village.</p>
<p>The perimeter of the wall strategically accommodated both elevations. Towards the west, we locate the &#8220;<strong>portal of Daroca&#8221;,</strong> with a portico of good masonry, on which rests a cube of the wall and a tower whose interior was destined for prison of the town and that also gave its name &#8220;Torreón de la Cárcel&#8221;. From here the main axis of the town, initially called Daroca street, straight, narrow and urban, with <strong>ancestral buildings</strong> giving a stately character to the space. From this street and in a northerly direction, two <strong>small squares</strong> open up and covered passageways or alleys are generated on the right<strong> (the Jewish quarter) and </strong>on the left others that ascend towards the elevation of the Era de la Cruz.</p>
<p>Daroca Street ends at Plaza Carlos Castel -where the town hall is located-. In this square is located the most outstanding building of the town, standing out for its volume and overwhelming majesty, the<strong> &#8220;Church of Santiago&#8221;,</strong> considered one of the most distinguished buildings of Aragon, a jewel of the Gothic-Mudejar style in Teruel, built during the thirteenth and fourteenth centuries. The temple, dedicated to Santa María and the apostle Santiago el Mayor, was built on an impressive stone wall of well-worked ashlars, giving it an air of strength due to its sobriety and volume. In the upper bodies of the temple and the tower, bricks carefully ornamented with colored glazed terracotta inlays were used, adding and diversifying the chromatic variety offered by the temple as a whole, an example of medieval Aragonese architecture. The buttresses that surround the building are square, adopting a polygonal shape in the apse. The interior of the single nave church is one of the widest in Spain. It has a basilica floor plan, with a heptagonal apse at the east end, while the bell tower rises on the opposite side. A brick wall surrounds the basilica nave. Two monumental gothic portals of strong flaring, with archivolts of pointed arches give access to the nave from both sides of the building.</p>
<p><iframe loading="lazy" src="https://my.matterport.com/show/?m=7DgmGgZH8Cc" width="853" height="480" frameborder="0" allowfullscreen="allowfullscreen"></iframe></p>
<p>To the east, the main axis extends from the square through the street of Santa Engracia, from which depart alleys in both directions showing a more popular neighborhood. To the north, the &#8220;<strong>portal de la Rambla&#8221;</strong> opens. At the end of the street, there is the &#8220;<strong>portal of Santa Engracia&#8221; or &#8220;arch of the Wall&#8221;,</strong> which marked the way to the hermitage of the same name, now in ruins, to flow into the bed of the ravine of La Muela and join the local access road to Peñarroyas.</p>
<p>Manor houses, coats of arms on the porches, passageways, cantilevered floors, covered alleys, viewpoints, make every corner of this town remind us of its rich medieval past as historical head of the region, enriched by the subway conduits that run through it and that are ancient and spectacular drainage channels known as &#8220;.<strong>the pipe of the villa</strong>&#8220;.</p>
<p>Recently, under the church, a large artificial cavity was found which, after cleaning, appeared to be a <strong>large cellar</strong>, probably dating from the 17th century, and which today houses the <strong>Geology and Speleology Interpretation Center of</strong> the Martín River Cultural Park. Near the cemetery, already on the right bank of the Martín river, is located the <strong>refrigerator</strong>, recently consolidated and restored.</p>

<!-- This site is optimized with the Yoast SEO plugin v22.5 - https://yoast.com/wordpress/plugins/seo/ -->
<title>Montalban - Parque Cultural del Río Martín</title>
<meta name="robots" content="index, follow, max-snippet:-1, max-image-preview:large, max-video-preview:-1" />
<link rel="canonical" href="https://parqueriomartin.com/en/pueblos/montalban/" />
<meta property="og:locale" content="en_US" />
<meta property="og:type" content="article" />
<meta property="og:title" content="Montalban - Parque Cultural del Río Martín" />
<meta property="og:description" content="The town of Montalbán borders the Martín River Cultural Park to the south. Located in the Cuenca Minera Central, it appears in 1189 in the hands of the Azagra de Albarracín, to later become the seat of the Commandery of the Order of Santiago in the Crown of Aragon, which instituted in the thirteenth century [&hellip;]" />
<meta property="og:url" content="https://parqueriomartin.com/en/pueblos/montalban/" />
<meta property="og:site_name" content="Parque Cultural del Río Martín" />
<meta property="article:modified_time" content="2023-11-11T14:26:44+00:00" />
<meta property="og:image" content="https://parqueriomartin.com/wp-content/uploads/cabecera-pueblo-montalban-parque-cultural-rio-martin.webp" />
	<meta property="og:image:width" content="1920" />
	<meta property="og:image:height" content="1440" />
	<meta property="og:image:type" content="image/webp" />
<meta name="twitter:card" content="summary_large_image" />
<meta name="twitter:label1" content="Est. reading time" />
	<meta name="twitter:data1" content="4 minutes" />
<script type="application/ld+json" class="yoast-schema-graph">{"@context":"https://schema.org","@graph":[{"@type":"WebPage","@id":"https://parqueriomartin.com/en/pueblos/montalban/","url":"https://parqueriomartin.com/en/pueblos/montalban/","name":"Montalban - Parque Cultural del Río Martín","isPartOf":{"@id":"https://parqueriomartin.com/en/#website"},"primaryImageOfPage":{"@id":"https://parqueriomartin.com/en/pueblos/montalban/#primaryimage"},"image":{"@id":"https://parqueriomartin.com/en/pueblos/montalban/#primaryimage"},"thumbnailUrl":"https://parqueriomartin.com/wp-content/uploads/cabecera-pueblo-montalban-parque-cultural-rio-martin.webp","datePublished":"2022-10-04T11:19:22+00:00","dateModified":"2023-11-11T14:26:44+00:00","breadcrumb":{"@id":"https://parqueriomartin.com/en/pueblos/montalban/#breadcrumb"},"inLanguage":"en-US","potentialAction":[{"@type":"ReadAction","target":["https://parqueriomartin.com/en/pueblos/montalban/"]}]},{"@type":"ImageObject","inLanguage":"en-US","@id":"https://parqueriomartin.com/en/pueblos/montalban/#primaryimage","url":"https://parqueriomartin.com/wp-content/uploads/cabecera-pueblo-montalban-parque-cultural-rio-martin.webp","contentUrl":"https://parqueriomartin.com/wp-content/uploads/cabecera-pueblo-montalban-parque-cultural-rio-martin.webp","width":1920,"height":1440},{"@type":"BreadcrumbList","@id":"https://parqueriomartin.com/en/pueblos/montalban/#breadcrumb","itemListElement":[{"@type":"ListItem","position":1,"name":"Portada","item":"https://parqueriomartin.com/en/home/"},{"@type":"ListItem","position":2,"name":"Montalban"}]},{"@type":"WebSite","@id":"https://parqueriomartin.com/en/#website","url":"https://parqueriomartin.com/en/","name":"Parque Cultural del Río Martín","description":"Conoce los pueblos, las rutas, los centros de interpretación, las gentes... del Parque Cultural del Río Martín","potentialAction":[{"@type":"SearchAction","target":{"@type":"EntryPoint","urlTemplate":"https://parqueriomartin.com/en/?s={search_term_string}"},"query-input":"required name=search_term_string"}],"inLanguage":"en-US"}]}</script>
<!-- / Yoast SEO plugin. -->

Montalban - Parque Cultural del Río Martín

The town of Montalbán borders the Martín River Cultural Park to the south. Located in the Cuenca Minera Central, it appears in 1189 in the hands of the Azagra de Albarracín, to later become the seat of the Commandery of the Order of Santiago in the Crown of Aragon, which instituted in the thirteenth century [&hellip;]

Parque Cultural del Río Martín

Conoce los pueblos, las rutas, los centros de interpretación, las gentes... del Parque Cultural del Río Martín
