{"id":102660,"date":"2022-10-05T14:55:01","date_gmt":"2022-10-05T14:55:01","guid":{"rendered":"http:\/\/parqueculturalriomartin.com.mialias.net\/pueblos\/alacon\/"},"modified":"2022-11-15T20:07:20","modified_gmt":"2022-11-15T20:07:20","slug":"alacon","status":"publish","type":"pueblos","link":"https:\/\/parqueriomartin.com\/en\/pueblos\/alacon\/","title":{"rendered":"Alacon"},"content":{"rendered":"<p>Alac\u00f3n is located on a high and outstanding hill observable from a wide area around the valley of the Mart\u00edn river, showing itself as an outstanding viewpoint between the foothills of the Arcos mountain range and practically at the confluence of the Muela and Mortero ravines. Between both ravines, taking advantage of a spring that gives rise to a pond, was built the <strong>hermitage of San Miguel <\/strong>, which was renovated in the seventeenth century, and the traditional washing places that are fed by this water.<\/p>\n<p>Drilling the headland on which this town sits and on its north side, there are more than 300 <strong>cellars<\/strong> excavated in the rock, adopting a terraced shape according to the contour lines, trying to neutralize the steep slope. Cool in summer and temperate in winter, the famous Alac\u00f3n wine, made according to the traditional canons of the region, is aged and preserved in its interior.<\/p>\n<p>In the Middle Ages, Alac\u00f3n was an independent lordship between the territories of the Mitra of Zaragoza -Albalate del Arzobispo, Alloza and Ari\u00f1o to the east-, and the Honor of Huesa del Com\u00fan, linked to the Crown, to the west. The account of the Lords of Alac\u00f3n begins, according to Castillo Genzor, with the Commanders of Montalb\u00e1n of the Order of Santiago, to pass into the hands of the Crown from the reign of Alfonso II, being replaced in 1499 by the Bardax\u00ed, who will assume the rectory of the Villa until the XIX century.<\/p>\n<p>The evolutionary stages of the urban center, characterized by masonry buildings that reflect the use of the rich quarries of Alac\u00f3n since the origins of the town, configure three sectors according to the urban fabric:<\/p>\n<p>1.- At the top of the hill we can still identify the evidence of the old walled enclosure according to the constructive remains that are observed and that popularly the neighbors of the locality still call the <strong>neighborhood of the Villa<\/strong>.<\/p>\n<p>In this area there is a <strong>wall arch<\/strong> being the only access door to the enclosure. This is a semicircular ashlar arch with no added decoration. Next to it is located the old <strong>oven of the Council<\/strong>, whose entrance arch is also semicircular and made of masonry and ashlar. Also attached to the arch, is located the town hall that leads to an irregular square, in which was located the old town hall building now recovered and adapted for use as a <strong>Paleontology Interpretation Center of<\/strong> the Cultural Park.<\/p>\n<p><strong>The church of Ntra. Mrs. of the Assumption<\/strong> is located at the highest point of this neighborhood, where there is a beautiful <strong>viewpoint<\/strong> from which you can see the traditional tamped earth threshing floors, the orchard, the ravine of La Muela and the rocky cinglera of the Felio hill where there are numerous shelters with cave paintings. The church is of baroque construction from the second half of the eighteenth century and in 1999 a general restoration was completed, offering today a beautiful temple of which highlights the main facade made of brick and the bell tower absent of tower, given its privileged and elevated location, which singles it out in the region.<\/p>\n<p>To the east we find, on another elevation, a semi-ruined medieval tower that is popularly known as <strong>&#8220;the Old Tower&#8221;<\/strong> and that was part of the defensive enclosure limiting the flank of the wall, still preserving the vaults that divided it horizontally. Practically united to the tower, the <strong>Santo Sepulcro hermitage and the calvary<\/strong> are located and annexed the building that was the <strong>old oil mill<\/strong> , now a museum. Narrow alleys run through this neighborhood that connects to the wineries.<\/p>\n<p>2.- The second sector of the urban fabric is formed by the hamlet that grew on the hillside facing south and the sunny side, overcoming the fortified enclosure due to the expansion and growth of the population, preserving the medieval layout that configures four parallel and radio-concentric streets around the castle district, arranged according to the contour lines, thus softening the ascent to the old town and linked by broken alleys.<\/p>\n<p>3.- The third expansion is the most regular and modern expansion that grew, in the lower part of the slope, starting from the  <strong>Planillo square and Replegador square<\/strong>The land is characterized by a lower slope and plastered buildings hiding the masonry and losing its traditional flavor, as well as others of new construction.<\/p>\n","protected":false},"featured_media":102260,"template":"","categorias_tipos":[105],"acf":[],"yoast_head":"<!-- This site is optimized with the Yoast SEO plugin v22.5 - https:\/\/yoast.com\/wordpress\/plugins\/seo\/ -->\n<title>Alacon - Parque Cultural del R\u00edo Mart\u00edn<\/title>\n<meta name=\"robots\" content=\"index, follow, max-snippet:-1, max-image-preview:large, max-video-preview:-1\" \/>\n<link rel=\"canonical\" href=\"https:\/\/parqueriomartin.com\/en\/pueblos\/alacon\/\" \/>\n<meta property=\"og:locale\" content=\"en_US\" \/>\n<meta property=\"og:type\" content=\"article\" \/>\n<meta property=\"og:title\" content=\"Alacon - Parque Cultural del R\u00edo Mart\u00edn\" \/>\n<meta property=\"og:description\" content=\"Alac\u00f3n is located on a high and outstanding hill observable from a wide area around the valley of the Mart\u00edn river, showing itself as an outstanding viewpoint between the foothills of the Arcos mountain range and practically at the confluence of the Muela and Mortero ravines. Between both ravines, taking advantage of a spring that [&hellip;]\" \/>\n<meta property=\"og:url\" content=\"https:\/\/parqueriomartin.com\/en\/pueblos\/alacon\/\" \/>\n<meta property=\"og:site_name\" content=\"Parque Cultural del R\u00edo Mart\u00edn\" \/>\n<meta property=\"article:modified_time\" content=\"2022-11-15T20:07:20+00:00\" \/>\n<meta property=\"og:image\" content=\"https:\/\/parqueriomartin.com\/wp-content\/uploads\/cabecera-pueblo-alacon-parque-cultural-rio-martin.webp\" \/>\n\t<meta property=\"og:image:width\" content=\"1920\" \/>\n\t<meta property=\"og:image:height\" content=\"1275\" \/>\n\t<meta property=\"og:image:type\" content=\"image\/webp\" \/>\n<meta name=\"twitter:card\" content=\"summary_large_image\" \/>\n<meta name=\"twitter:label1\" content=\"Est. reading time\" \/>\n\t<meta name=\"twitter:data1\" content=\"4 minutes\" \/>\n<script type=\"application\/ld+json\" class=\"yoast-schema-graph\">{\"@context\":\"https:\/\/schema.org\",\"@graph\":[{\"@type\":\"WebPage\",\"@id\":\"https:\/\/parqueriomartin.com\/en\/pueblos\/alacon\/\",\"url\":\"https:\/\/parqueriomartin.com\/en\/pueblos\/alacon\/\",\"name\":\"Alacon - Parque Cultural del R\u00edo Mart\u00edn\",\"isPartOf\":{\"@id\":\"https:\/\/parqueriomartin.com\/en\/#website\"},\"primaryImageOfPage\":{\"@id\":\"https:\/\/parqueriomartin.com\/en\/pueblos\/alacon\/#primaryimage\"},\"image\":{\"@id\":\"https:\/\/parqueriomartin.com\/en\/pueblos\/alacon\/#primaryimage\"},\"thumbnailUrl\":\"https:\/\/parqueriomartin.com\/wp-content\/uploads\/cabecera-pueblo-alacon-parque-cultural-rio-martin.webp\",\"datePublished\":\"2022-10-05T14:55:01+00:00\",\"dateModified\":\"2022-11-15T20:07:20+00:00\",\"breadcrumb\":{\"@id\":\"https:\/\/parqueriomartin.com\/en\/pueblos\/alacon\/#breadcrumb\"},\"inLanguage\":\"en-US\",\"potentialAction\":[{\"@type\":\"ReadAction\",\"target\":[\"https:\/\/parqueriomartin.com\/en\/pueblos\/alacon\/\"]}]},{\"@type\":\"ImageObject\",\"inLanguage\":\"en-US\",\"@id\":\"https:\/\/parqueriomartin.com\/en\/pueblos\/alacon\/#primaryimage\",\"url\":\"https:\/\/parqueriomartin.com\/wp-content\/uploads\/cabecera-pueblo-alacon-parque-cultural-rio-martin.webp\",\"contentUrl\":\"https:\/\/parqueriomartin.com\/wp-content\/uploads\/cabecera-pueblo-alacon-parque-cultural-rio-martin.webp\",\"width\":1920,\"height\":1275},{\"@type\":\"BreadcrumbList\",\"@id\":\"https:\/\/parqueriomartin.com\/en\/pueblos\/alacon\/#breadcrumb\",\"itemListElement\":[{\"@type\":\"ListItem\",\"position\":1,\"name\":\"Portada\",\"item\":\"https:\/\/parqueriomartin.com\/en\/home\/\"},{\"@type\":\"ListItem\",\"position\":2,\"name\":\"Alacon\"}]},{\"@type\":\"WebSite\",\"@id\":\"https:\/\/parqueriomartin.com\/en\/#website\",\"url\":\"https:\/\/parqueriomartin.com\/en\/\",\"name\":\"Parque Cultural del R\u00edo Mart\u00edn\",\"description\":\"Conoce los pueblos, las rutas, los centros de interpretaci\u00f3n, las gentes... del Parque Cultural del R\u00edo Mart\u00edn\",\"potentialAction\":[{\"@type\":\"SearchAction\",\"target\":{\"@type\":\"EntryPoint\",\"urlTemplate\":\"https:\/\/parqueriomartin.com\/en\/?s={search_term_string}\"},\"query-input\":\"required name=search_term_string\"}],\"inLanguage\":\"en-US\"}]}<\/script>\n<!-- \/ Yoast SEO plugin. -->","yoast_head_json":{"title":"Alacon - Parque Cultural del R\u00edo Mart\u00edn","robots":{"index":"index","follow":"follow","max-snippet":"max-snippet:-1","max-image-preview":"max-image-preview:large","max-video-preview":"max-video-preview:-1"},"canonical":"https:\/\/parqueriomartin.com\/en\/pueblos\/alacon\/","og_locale":"en_US","og_type":"article","og_title":"Alacon - Parque Cultural del R\u00edo Mart\u00edn","og_description":"Alac\u00f3n is located on a high and outstanding hill observable from a wide area around the valley of the Mart\u00edn river, showing itself as an outstanding viewpoint between the foothills of the Arcos mountain range and practically at the confluence of the Muela and Mortero ravines. Between both ravines, taking advantage of a spring that [&hellip;]","og_url":"https:\/\/parqueriomartin.com\/en\/pueblos\/alacon\/","og_site_name":"Parque Cultural del R\u00edo Mart\u00edn","article_modified_time":"2022-11-15T20:07:20+00:00","og_image":[{"width":1920,"height":1275,"url":"https:\/\/parqueriomartin.com\/wp-content\/uploads\/cabecera-pueblo-alacon-parque-cultural-rio-martin.webp","type":"image\/webp"}],"twitter_card":"summary_large_image","twitter_misc":{"Est. reading time":"4 minutes"},"schema":{"@context":"https:\/\/schema.org","@graph":[{"@type":"WebPage","@id":"https:\/\/parqueriomartin.com\/en\/pueblos\/alacon\/","url":"https:\/\/parqueriomartin.com\/en\/pueblos\/alacon\/","name":"Alacon - Parque Cultural del R\u00edo Mart\u00edn","isPartOf":{"@id":"https:\/\/parqueriomartin.com\/en\/#website"},"primaryImageOfPage":{"@id":"https:\/\/parqueriomartin.com\/en\/pueblos\/alacon\/#primaryimage"},"image":{"@id":"https:\/\/parqueriomartin.com\/en\/pueblos\/alacon\/#primaryimage"},"thumbnailUrl":"https:\/\/parqueriomartin.com\/wp-content\/uploads\/cabecera-pueblo-alacon-parque-cultural-rio-martin.webp","datePublished":"2022-10-05T14:55:01+00:00","dateModified":"2022-11-15T20:07:20+00:00","breadcrumb":{"@id":"https:\/\/parqueriomartin.com\/en\/pueblos\/alacon\/#breadcrumb"},"inLanguage":"en-US","potentialAction":[{"@type":"ReadAction","target":["https:\/\/parqueriomartin.com\/en\/pueblos\/alacon\/"]}]},{"@type":"ImageObject","inLanguage":"en-US","@id":"https:\/\/parqueriomartin.com\/en\/pueblos\/alacon\/#primaryimage","url":"https:\/\/parqueriomartin.com\/wp-content\/uploads\/cabecera-pueblo-alacon-parque-cultural-rio-martin.webp","contentUrl":"https:\/\/parqueriomartin.com\/wp-content\/uploads\/cabecera-pueblo-alacon-parque-cultural-rio-martin.webp","width":1920,"height":1275},{"@type":"BreadcrumbList","@id":"https:\/\/parqueriomartin.com\/en\/pueblos\/alacon\/#breadcrumb","itemListElement":[{"@type":"ListItem","position":1,"name":"Portada","item":"https:\/\/parqueriomartin.com\/en\/home\/"},{"@type":"ListItem","position":2,"name":"Alacon"}]},{"@type":"WebSite","@id":"https:\/\/parqueriomartin.com\/en\/#website","url":"https:\/\/parqueriomartin.com\/en\/","name":"Parque Cultural del R\u00edo Mart\u00edn","description":"Conoce los pueblos, las rutas, los centros de interpretaci\u00f3n, las gentes... del Parque Cultural del R\u00edo Mart\u00edn","potentialAction":[{"@type":"SearchAction","target":{"@type":"EntryPoint","urlTemplate":"https:\/\/parqueriomartin.com\/en\/?s={search_term_string}"},"query-input":"required name=search_term_string"}],"inLanguage":"en-US"}]}},"_links":{"self":[{"href":"https:\/\/parqueriomartin.com\/en\/wp-json\/wp\/v2\/pueblos\/102660"}],"collection":[{"href":"https:\/\/parqueriomartin.com\/en\/wp-json\/wp\/v2\/pueblos"}],"about":[{"href":"https:\/\/parqueriomartin.com\/en\/wp-json\/wp\/v2\/types\/pueblos"}],"wp:featuredmedia":[{"embeddable":true,"href":"https:\/\/parqueriomartin.com\/en\/wp-json\/wp\/v2\/media\/102260"}],"wp:attachment":[{"href":"https:\/\/parqueriomartin.com\/en\/wp-json\/wp\/v2\/media?parent=102660"}],"wp:term":[{"taxonomy":"categorias_tipos","embeddable":true,"href":"https:\/\/parqueriomartin.com\/en\/wp-json\/wp\/v2\/categorias_tipos?post=102660"}],"curies":[{"name":"wp","href":"https:\/\/api.w.org\/{rel}","templated":true}]}}

<p>Alacón is located on a high and outstanding hill observable from a wide area around the valley of the Martín river, showing itself as an outstanding viewpoint between the foothills of the Arcos mountain range and practically at the confluence of the Muela and Mortero ravines. Between both ravines, taking advantage of a spring that gives rise to a pond, was built the <strong>hermitage of San Miguel </strong>, which was renovated in the seventeenth century, and the traditional washing places that are fed by this water.</p>
<p>Drilling the headland on which this town sits and on its north side, there are more than 300 <strong>cellars</strong> excavated in the rock, adopting a terraced shape according to the contour lines, trying to neutralize the steep slope. Cool in summer and temperate in winter, the famous Alacón wine, made according to the traditional canons of the region, is aged and preserved in its interior.</p>
<p>In the Middle Ages, Alacón was an independent lordship between the territories of the Mitra of Zaragoza -Albalate del Arzobispo, Alloza and Ariño to the east-, and the Honor of Huesa del Común, linked to the Crown, to the west. The account of the Lords of Alacón begins, according to Castillo Genzor, with the Commanders of Montalbán of the Order of Santiago, to pass into the hands of the Crown from the reign of Alfonso II, being replaced in 1499 by the Bardaxí, who will assume the rectory of the Villa until the XIX century.</p>
<p>The evolutionary stages of the urban center, characterized by masonry buildings that reflect the use of the rich quarries of Alacón since the origins of the town, configure three sectors according to the urban fabric:</p>
<p>1.- At the top of the hill we can still identify the evidence of the old walled enclosure according to the constructive remains that are observed and that popularly the neighbors of the locality still call the <strong>neighborhood of the Villa</strong>.</p>
<p>In this area there is a <strong>wall arch</strong> being the only access door to the enclosure. This is a semicircular ashlar arch with no added decoration. Next to it is located the old <strong>oven of the Council</strong>, whose entrance arch is also semicircular and made of masonry and ashlar. Also attached to the arch, is located the town hall that leads to an irregular square, in which was located the old town hall building now recovered and adapted for use as a <strong>Paleontology Interpretation Center of</strong> the Cultural Park.</p>
<p><strong>The church of Ntra. Mrs. of the Assumption</strong> is located at the highest point of this neighborhood, where there is a beautiful <strong>viewpoint</strong> from which you can see the traditional tamped earth threshing floors, the orchard, the ravine of La Muela and the rocky cinglera of the Felio hill where there are numerous shelters with cave paintings. The church is of baroque construction from the second half of the eighteenth century and in 1999 a general restoration was completed, offering today a beautiful temple of which highlights the main facade made of brick and the bell tower absent of tower, given its privileged and elevated location, which singles it out in the region.</p>
<p>To the east we find, on another elevation, a semi-ruined medieval tower that is popularly known as <strong>&#8220;the Old Tower&#8221;</strong> and that was part of the defensive enclosure limiting the flank of the wall, still preserving the vaults that divided it horizontally. Practically united to the tower, the <strong>Santo Sepulcro hermitage and the calvary</strong> are located and annexed the building that was the <strong>old oil mill</strong> , now a museum. Narrow alleys run through this neighborhood that connects to the wineries.</p>
<p>2.- The second sector of the urban fabric is formed by the hamlet that grew on the hillside facing south and the sunny side, overcoming the fortified enclosure due to the expansion and growth of the population, preserving the medieval layout that configures four parallel and radio-concentric streets around the castle district, arranged according to the contour lines, thus softening the ascent to the old town and linked by broken alleys.</p>
<p>3.- The third expansion is the most regular and modern expansion that grew, in the lower part of the slope, starting from the  <strong>Planillo square and Replegador square</strong>The land is characterized by a lower slope and plastered buildings hiding the masonry and losing its traditional flavor, as well as others of new construction.</p>

<!-- This site is optimized with the Yoast SEO plugin v22.5 - https://yoast.com/wordpress/plugins/seo/ -->
<title>Alacon - Parque Cultural del Río Martín</title>
<meta name="robots" content="index, follow, max-snippet:-1, max-image-preview:large, max-video-preview:-1" />
<link rel="canonical" href="https://parqueriomartin.com/en/pueblos/alacon/" />
<meta property="og:locale" content="en_US" />
<meta property="og:type" content="article" />
<meta property="og:title" content="Alacon - Parque Cultural del Río Martín" />
<meta property="og:description" content="Alacón is located on a high and outstanding hill observable from a wide area around the valley of the Martín river, showing itself as an outstanding viewpoint between the foothills of the Arcos mountain range and practically at the confluence of the Muela and Mortero ravines. Between both ravines, taking advantage of a spring that [&hellip;]" />
<meta property="og:url" content="https://parqueriomartin.com/en/pueblos/alacon/" />
<meta property="og:site_name" content="Parque Cultural del Río Martín" />
<meta property="article:modified_time" content="2022-11-15T20:07:20+00:00" />
<meta property="og:image" content="https://parqueriomartin.com/wp-content/uploads/cabecera-pueblo-alacon-parque-cultural-rio-martin.webp" />
	<meta property="og:image:width" content="1920" />
	<meta property="og:image:height" content="1275" />
	<meta property="og:image:type" content="image/webp" />
<meta name="twitter:card" content="summary_large_image" />
<meta name="twitter:label1" content="Est. reading time" />
	<meta name="twitter:data1" content="4 minutes" />
<script type="application/ld+json" class="yoast-schema-graph">{"@context":"https://schema.org","@graph":[{"@type":"WebPage","@id":"https://parqueriomartin.com/en/pueblos/alacon/","url":"https://parqueriomartin.com/en/pueblos/alacon/","name":"Alacon - Parque Cultural del Río Martín","isPartOf":{"@id":"https://parqueriomartin.com/en/#website"},"primaryImageOfPage":{"@id":"https://parqueriomartin.com/en/pueblos/alacon/#primaryimage"},"image":{"@id":"https://parqueriomartin.com/en/pueblos/alacon/#primaryimage"},"thumbnailUrl":"https://parqueriomartin.com/wp-content/uploads/cabecera-pueblo-alacon-parque-cultural-rio-martin.webp","datePublished":"2022-10-05T14:55:01+00:00","dateModified":"2022-11-15T20:07:20+00:00","breadcrumb":{"@id":"https://parqueriomartin.com/en/pueblos/alacon/#breadcrumb"},"inLanguage":"en-US","potentialAction":[{"@type":"ReadAction","target":["https://parqueriomartin.com/en/pueblos/alacon/"]}]},{"@type":"ImageObject","inLanguage":"en-US","@id":"https://parqueriomartin.com/en/pueblos/alacon/#primaryimage","url":"https://parqueriomartin.com/wp-content/uploads/cabecera-pueblo-alacon-parque-cultural-rio-martin.webp","contentUrl":"https://parqueriomartin.com/wp-content/uploads/cabecera-pueblo-alacon-parque-cultural-rio-martin.webp","width":1920,"height":1275},{"@type":"BreadcrumbList","@id":"https://parqueriomartin.com/en/pueblos/alacon/#breadcrumb","itemListElement":[{"@type":"ListItem","position":1,"name":"Portada","item":"https://parqueriomartin.com/en/home/"},{"@type":"ListItem","position":2,"name":"Alacon"}]},{"@type":"WebSite","@id":"https://parqueriomartin.com/en/#website","url":"https://parqueriomartin.com/en/","name":"Parque Cultural del Río Martín","description":"Conoce los pueblos, las rutas, los centros de interpretación, las gentes... del Parque Cultural del Río Martín","potentialAction":[{"@type":"SearchAction","target":{"@type":"EntryPoint","urlTemplate":"https://parqueriomartin.com/en/?s={search_term_string}"},"query-input":"required name=search_term_string"}],"inLanguage":"en-US"}]}</script>
<!-- / Yoast SEO plugin. -->

Alacon - Parque Cultural del Río Martín

Alacón is located on a high and outstanding hill observable from a wide area around the valley of the Martín river, showing itself as an outstanding viewpoint between the foothills of the Arcos mountain range and practically at the confluence of the Muela and Mortero ravines. Between both ravines, taking advantage of a spring that [&hellip;]

Parque Cultural del Río Martín

Conoce los pueblos, las rutas, los centros de interpretación, las gentes... del Parque Cultural del Río Martín
