{"id":102610,"date":"2022-10-03T16:50:22","date_gmt":"2022-10-03T16:50:22","guid":{"rendered":"http:\/\/parqueculturalriomartin.com.mialias.net\/rutas\/the-medieval-towers-of-alcaine-short-pr-te-98-route\/"},"modified":"2022-10-14T16:39:17","modified_gmt":"2022-10-14T16:39:17","slug":"the-medieval-towers-of-alcaine-short-pr-te-98-route","status":"publish","type":"rutas","link":"https:\/\/parqueriomartin.com\/en\/rutas\/the-medieval-towers-of-alcaine-short-pr-te-98-route\/","title":{"rendered":"The Medieval Towers of Alcaine (Peque\u00f1o Recorrido PR-TE 98)"},"content":{"rendered":"<p>A total of 11 towers turned Alcaine into a fortress difficult to overcome in the agitated times of the Middle Ages. Its construction is attributed to the Muslims, back in the 11th century, although they ended up in Christian hands during the Reconquest. Also the name of Alcaine and some geographic accident as the head of Benicozar, have the same Arab origin.<\/p>\n<p>Today the towers are deteriorated and two of them have been adapted for pigeon lofts. Of the old Muslim castle or fortress, only the remains of its watchtowers and ground plan remain, but despite this, the tour shows us the defensive importance of the whole complex, while enjoying spectacular views of the town and its natural passages, and the impressive set of angular folds along the Mart\u00edn river.<\/p>\n<p>The route through the northern sector starts at the church square and continues to the old washing places. In the middle of the walk we will find an information table about the defensive complex (viewpoint of the towers) and the orography of the environment. A short fork leads to the Solana point, a rocky outcrop with views over the angular folds (point of geological interest) and the cave of the Shearers, used as a storehouse of provisions in times of conflict and for livestock work.<\/p>\n<p>The route through the southern sector can be started next to the old &#8220;Nevera&#8221; to ascend to the cliffs that delimit the town in its southern sector. From these cuts we can see the stretch of the Mart\u00edn river through the Ca\u00f1ada de Marco and the Benicozar mountain. The trail ends at the same road, where it can also be started.<\/p>\n","protected":false},"featured_media":101924,"template":"","categorias_tipos":[107],"acf":[],"yoast_head":"<!-- This site is optimized with the Yoast SEO plugin v22.5 - https:\/\/yoast.com\/wordpress\/plugins\/seo\/ -->\n<title>The Medieval Towers of Alcaine (Peque\u00f1o Recorrido PR-TE 98) - Parque Cultural del R\u00edo Mart\u00edn<\/title>\n<meta name=\"robots\" content=\"index, follow, max-snippet:-1, max-image-preview:large, max-video-preview:-1\" \/>\n<link rel=\"canonical\" href=\"https:\/\/parqueriomartin.com\/en\/rutas\/the-medieval-towers-of-alcaine-short-pr-te-98-route\/\" \/>\n<meta property=\"og:locale\" content=\"en_US\" \/>\n<meta property=\"og:type\" content=\"article\" \/>\n<meta property=\"og:title\" content=\"The Medieval Towers of Alcaine (Peque\u00f1o Recorrido PR-TE 98) - Parque Cultural del R\u00edo Mart\u00edn\" \/>\n<meta property=\"og:description\" content=\"A total of 11 towers turned Alcaine into a fortress difficult to overcome in the agitated times of the Middle Ages. Its construction is attributed to the Muslims, back in the 11th century, although they ended up in Christian hands during the Reconquest. Also the name of Alcaine and some geographic accident as the head [&hellip;]\" \/>\n<meta property=\"og:url\" content=\"https:\/\/parqueriomartin.com\/en\/rutas\/the-medieval-towers-of-alcaine-short-pr-te-98-route\/\" \/>\n<meta property=\"og:site_name\" content=\"Parque Cultural del R\u00edo Mart\u00edn\" \/>\n<meta property=\"article:modified_time\" content=\"2022-10-14T16:39:17+00:00\" \/>\n<meta property=\"og:image\" content=\"https:\/\/parqueriomartin.com\/wp-content\/uploads\/cabecera-ruta-torres-medievales-parque-cultural-rio-martin.webp\" \/>\n\t<meta property=\"og:image:width\" content=\"1920\" \/>\n\t<meta property=\"og:image:height\" content=\"1104\" \/>\n\t<meta property=\"og:image:type\" content=\"image\/webp\" \/>\n<meta name=\"twitter:card\" content=\"summary_large_image\" \/>\n<meta name=\"twitter:label1\" content=\"Est. reading time\" \/>\n\t<meta name=\"twitter:data1\" content=\"1 minute\" \/>\n<script type=\"application\/ld+json\" class=\"yoast-schema-graph\">{\"@context\":\"https:\/\/schema.org\",\"@graph\":[{\"@type\":\"WebPage\",\"@id\":\"https:\/\/parqueriomartin.com\/en\/rutas\/the-medieval-towers-of-alcaine-short-pr-te-98-route\/\",\"url\":\"https:\/\/parqueriomartin.com\/en\/rutas\/the-medieval-towers-of-alcaine-short-pr-te-98-route\/\",\"name\":\"The Medieval Towers of Alcaine (Peque\u00f1o Recorrido PR-TE 98) - Parque Cultural del R\u00edo Mart\u00edn\",\"isPartOf\":{\"@id\":\"https:\/\/parqueriomartin.com\/en\/#website\"},\"primaryImageOfPage\":{\"@id\":\"https:\/\/parqueriomartin.com\/en\/rutas\/the-medieval-towers-of-alcaine-short-pr-te-98-route\/#primaryimage\"},\"image\":{\"@id\":\"https:\/\/parqueriomartin.com\/en\/rutas\/the-medieval-towers-of-alcaine-short-pr-te-98-route\/#primaryimage\"},\"thumbnailUrl\":\"https:\/\/parqueriomartin.com\/wp-content\/uploads\/cabecera-ruta-torres-medievales-parque-cultural-rio-martin.webp\",\"datePublished\":\"2022-10-03T16:50:22+00:00\",\"dateModified\":\"2022-10-14T16:39:17+00:00\",\"breadcrumb\":{\"@id\":\"https:\/\/parqueriomartin.com\/en\/rutas\/the-medieval-towers-of-alcaine-short-pr-te-98-route\/#breadcrumb\"},\"inLanguage\":\"en-US\",\"potentialAction\":[{\"@type\":\"ReadAction\",\"target\":[\"https:\/\/parqueriomartin.com\/en\/rutas\/the-medieval-towers-of-alcaine-short-pr-te-98-route\/\"]}]},{\"@type\":\"ImageObject\",\"inLanguage\":\"en-US\",\"@id\":\"https:\/\/parqueriomartin.com\/en\/rutas\/the-medieval-towers-of-alcaine-short-pr-te-98-route\/#primaryimage\",\"url\":\"https:\/\/parqueriomartin.com\/wp-content\/uploads\/cabecera-ruta-torres-medievales-parque-cultural-rio-martin.webp\",\"contentUrl\":\"https:\/\/parqueriomartin.com\/wp-content\/uploads\/cabecera-ruta-torres-medievales-parque-cultural-rio-martin.webp\",\"width\":1920,\"height\":1104},{\"@type\":\"BreadcrumbList\",\"@id\":\"https:\/\/parqueriomartin.com\/en\/rutas\/the-medieval-towers-of-alcaine-short-pr-te-98-route\/#breadcrumb\",\"itemListElement\":[{\"@type\":\"ListItem\",\"position\":1,\"name\":\"Portada\",\"item\":\"https:\/\/parqueriomartin.com\/en\/home\/\"},{\"@type\":\"ListItem\",\"position\":2,\"name\":\"The Medieval Towers of Alcaine (Peque\u00f1o Recorrido PR-TE 98)\"}]},{\"@type\":\"WebSite\",\"@id\":\"https:\/\/parqueriomartin.com\/en\/#website\",\"url\":\"https:\/\/parqueriomartin.com\/en\/\",\"name\":\"Parque Cultural del R\u00edo Mart\u00edn\",\"description\":\"Conoce los pueblos, las rutas, los centros de interpretaci\u00f3n, las gentes... del Parque Cultural del R\u00edo Mart\u00edn\",\"potentialAction\":[{\"@type\":\"SearchAction\",\"target\":{\"@type\":\"EntryPoint\",\"urlTemplate\":\"https:\/\/parqueriomartin.com\/en\/?s={search_term_string}\"},\"query-input\":\"required name=search_term_string\"}],\"inLanguage\":\"en-US\"}]}<\/script>\n<!-- \/ Yoast SEO plugin. -->","yoast_head_json":{"title":"The Medieval Towers of Alcaine (Peque\u00f1o Recorrido PR-TE 98) - Parque Cultural del R\u00edo Mart\u00edn","robots":{"index":"index","follow":"follow","max-snippet":"max-snippet:-1","max-image-preview":"max-image-preview:large","max-video-preview":"max-video-preview:-1"},"canonical":"https:\/\/parqueriomartin.com\/en\/rutas\/the-medieval-towers-of-alcaine-short-pr-te-98-route\/","og_locale":"en_US","og_type":"article","og_title":"The Medieval Towers of Alcaine (Peque\u00f1o Recorrido PR-TE 98) - Parque Cultural del R\u00edo Mart\u00edn","og_description":"A total of 11 towers turned Alcaine into a fortress difficult to overcome in the agitated times of the Middle Ages. Its construction is attributed to the Muslims, back in the 11th century, although they ended up in Christian hands during the Reconquest. Also the name of Alcaine and some geographic accident as the head [&hellip;]","og_url":"https:\/\/parqueriomartin.com\/en\/rutas\/the-medieval-towers-of-alcaine-short-pr-te-98-route\/","og_site_name":"Parque Cultural del R\u00edo Mart\u00edn","article_modified_time":"2022-10-14T16:39:17+00:00","og_image":[{"width":1920,"height":1104,"url":"https:\/\/parqueriomartin.com\/wp-content\/uploads\/cabecera-ruta-torres-medievales-parque-cultural-rio-martin.webp","type":"image\/webp"}],"twitter_card":"summary_large_image","twitter_misc":{"Est. reading time":"1 minute"},"schema":{"@context":"https:\/\/schema.org","@graph":[{"@type":"WebPage","@id":"https:\/\/parqueriomartin.com\/en\/rutas\/the-medieval-towers-of-alcaine-short-pr-te-98-route\/","url":"https:\/\/parqueriomartin.com\/en\/rutas\/the-medieval-towers-of-alcaine-short-pr-te-98-route\/","name":"The Medieval Towers of Alcaine (Peque\u00f1o Recorrido PR-TE 98) - Parque Cultural del R\u00edo Mart\u00edn","isPartOf":{"@id":"https:\/\/parqueriomartin.com\/en\/#website"},"primaryImageOfPage":{"@id":"https:\/\/parqueriomartin.com\/en\/rutas\/the-medieval-towers-of-alcaine-short-pr-te-98-route\/#primaryimage"},"image":{"@id":"https:\/\/parqueriomartin.com\/en\/rutas\/the-medieval-towers-of-alcaine-short-pr-te-98-route\/#primaryimage"},"thumbnailUrl":"https:\/\/parqueriomartin.com\/wp-content\/uploads\/cabecera-ruta-torres-medievales-parque-cultural-rio-martin.webp","datePublished":"2022-10-03T16:50:22+00:00","dateModified":"2022-10-14T16:39:17+00:00","breadcrumb":{"@id":"https:\/\/parqueriomartin.com\/en\/rutas\/the-medieval-towers-of-alcaine-short-pr-te-98-route\/#breadcrumb"},"inLanguage":"en-US","potentialAction":[{"@type":"ReadAction","target":["https:\/\/parqueriomartin.com\/en\/rutas\/the-medieval-towers-of-alcaine-short-pr-te-98-route\/"]}]},{"@type":"ImageObject","inLanguage":"en-US","@id":"https:\/\/parqueriomartin.com\/en\/rutas\/the-medieval-towers-of-alcaine-short-pr-te-98-route\/#primaryimage","url":"https:\/\/parqueriomartin.com\/wp-content\/uploads\/cabecera-ruta-torres-medievales-parque-cultural-rio-martin.webp","contentUrl":"https:\/\/parqueriomartin.com\/wp-content\/uploads\/cabecera-ruta-torres-medievales-parque-cultural-rio-martin.webp","width":1920,"height":1104},{"@type":"BreadcrumbList","@id":"https:\/\/parqueriomartin.com\/en\/rutas\/the-medieval-towers-of-alcaine-short-pr-te-98-route\/#breadcrumb","itemListElement":[{"@type":"ListItem","position":1,"name":"Portada","item":"https:\/\/parqueriomartin.com\/en\/home\/"},{"@type":"ListItem","position":2,"name":"The Medieval Towers of Alcaine (Peque\u00f1o Recorrido PR-TE 98)"}]},{"@type":"WebSite","@id":"https:\/\/parqueriomartin.com\/en\/#website","url":"https:\/\/parqueriomartin.com\/en\/","name":"Parque Cultural del R\u00edo Mart\u00edn","description":"Conoce los pueblos, las rutas, los centros de interpretaci\u00f3n, las gentes... del Parque Cultural del R\u00edo Mart\u00edn","potentialAction":[{"@type":"SearchAction","target":{"@type":"EntryPoint","urlTemplate":"https:\/\/parqueriomartin.com\/en\/?s={search_term_string}"},"query-input":"required name=search_term_string"}],"inLanguage":"en-US"}]}},"_links":{"self":[{"href":"https:\/\/parqueriomartin.com\/en\/wp-json\/wp\/v2\/rutas\/102610"}],"collection":[{"href":"https:\/\/parqueriomartin.com\/en\/wp-json\/wp\/v2\/rutas"}],"about":[{"href":"https:\/\/parqueriomartin.com\/en\/wp-json\/wp\/v2\/types\/rutas"}],"wp:featuredmedia":[{"embeddable":true,"href":"https:\/\/parqueriomartin.com\/en\/wp-json\/wp\/v2\/media\/101924"}],"wp:attachment":[{"href":"https:\/\/parqueriomartin.com\/en\/wp-json\/wp\/v2\/media?parent=102610"}],"wp:term":[{"taxonomy":"categorias_tipos","embeddable":true,"href":"https:\/\/parqueriomartin.com\/en\/wp-json\/wp\/v2\/categorias_tipos?post=102610"}],"curies":[{"name":"wp","href":"https:\/\/api.w.org\/{rel}","templated":true}]}}

The Medieval Towers of Alcaine (Pequeño Recorrido PR-TE 98)

<p>A total of 11 towers turned Alcaine into a fortress difficult to overcome in the agitated times of the Middle Ages. Its construction is attributed to the Muslims, back in the 11th century, although they ended up in Christian hands during the Reconquest. Also the name of Alcaine and some geographic accident as the head of Benicozar, have the same Arab origin.</p>
<p>Today the towers are deteriorated and two of them have been adapted for pigeon lofts. Of the old Muslim castle or fortress, only the remains of its watchtowers and ground plan remain, but despite this, the tour shows us the defensive importance of the whole complex, while enjoying spectacular views of the town and its natural passages, and the impressive set of angular folds along the Martín river.</p>
<p>The route through the northern sector starts at the church square and continues to the old washing places. In the middle of the walk we will find an information table about the defensive complex (viewpoint of the towers) and the orography of the environment. A short fork leads to the Solana point, a rocky outcrop with views over the angular folds (point of geological interest) and the cave of the Shearers, used as a storehouse of provisions in times of conflict and for livestock work.</p>
<p>The route through the southern sector can be started next to the old &#8220;Nevera&#8221; to ascend to the cliffs that delimit the town in its southern sector. From these cuts we can see the stretch of the Martín river through the Cañada de Marco and the Benicozar mountain. The trail ends at the same road, where it can also be started.</p>

<!-- This site is optimized with the Yoast SEO plugin v22.5 - https://yoast.com/wordpress/plugins/seo/ -->
<title>The Medieval Towers of Alcaine (Pequeño Recorrido PR-TE 98) - Parque Cultural del Río Martín</title>
<meta name="robots" content="index, follow, max-snippet:-1, max-image-preview:large, max-video-preview:-1" />
<link rel="canonical" href="https://parqueriomartin.com/en/rutas/the-medieval-towers-of-alcaine-short-pr-te-98-route/" />
<meta property="og:locale" content="en_US" />
<meta property="og:type" content="article" />
<meta property="og:title" content="The Medieval Towers of Alcaine (Pequeño Recorrido PR-TE 98) - Parque Cultural del Río Martín" />
<meta property="og:description" content="A total of 11 towers turned Alcaine into a fortress difficult to overcome in the agitated times of the Middle Ages. Its construction is attributed to the Muslims, back in the 11th century, although they ended up in Christian hands during the Reconquest. Also the name of Alcaine and some geographic accident as the head [&hellip;]" />
<meta property="og:url" content="https://parqueriomartin.com/en/rutas/the-medieval-towers-of-alcaine-short-pr-te-98-route/" />
<meta property="og:site_name" content="Parque Cultural del Río Martín" />
<meta property="article:modified_time" content="2022-10-14T16:39:17+00:00" />
<meta property="og:image" content="https://parqueriomartin.com/wp-content/uploads/cabecera-ruta-torres-medievales-parque-cultural-rio-martin.webp" />
	<meta property="og:image:width" content="1920" />
	<meta property="og:image:height" content="1104" />
	<meta property="og:image:type" content="image/webp" />
<meta name="twitter:card" content="summary_large_image" />
<meta name="twitter:label1" content="Est. reading time" />
	<meta name="twitter:data1" content="1 minute" />
<script type="application/ld+json" class="yoast-schema-graph">{"@context":"https://schema.org","@graph":[{"@type":"WebPage","@id":"https://parqueriomartin.com/en/rutas/the-medieval-towers-of-alcaine-short-pr-te-98-route/","url":"https://parqueriomartin.com/en/rutas/the-medieval-towers-of-alcaine-short-pr-te-98-route/","name":"The Medieval Towers of Alcaine (Pequeño Recorrido PR-TE 98) - Parque Cultural del Río Martín","isPartOf":{"@id":"https://parqueriomartin.com/en/#website"},"primaryImageOfPage":{"@id":"https://parqueriomartin.com/en/rutas/the-medieval-towers-of-alcaine-short-pr-te-98-route/#primaryimage"},"image":{"@id":"https://parqueriomartin.com/en/rutas/the-medieval-towers-of-alcaine-short-pr-te-98-route/#primaryimage"},"thumbnailUrl":"https://parqueriomartin.com/wp-content/uploads/cabecera-ruta-torres-medievales-parque-cultural-rio-martin.webp","datePublished":"2022-10-03T16:50:22+00:00","dateModified":"2022-10-14T16:39:17+00:00","breadcrumb":{"@id":"https://parqueriomartin.com/en/rutas/the-medieval-towers-of-alcaine-short-pr-te-98-route/#breadcrumb"},"inLanguage":"en-US","potentialAction":[{"@type":"ReadAction","target":["https://parqueriomartin.com/en/rutas/the-medieval-towers-of-alcaine-short-pr-te-98-route/"]}]},{"@type":"ImageObject","inLanguage":"en-US","@id":"https://parqueriomartin.com/en/rutas/the-medieval-towers-of-alcaine-short-pr-te-98-route/#primaryimage","url":"https://parqueriomartin.com/wp-content/uploads/cabecera-ruta-torres-medievales-parque-cultural-rio-martin.webp","contentUrl":"https://parqueriomartin.com/wp-content/uploads/cabecera-ruta-torres-medievales-parque-cultural-rio-martin.webp","width":1920,"height":1104},{"@type":"BreadcrumbList","@id":"https://parqueriomartin.com/en/rutas/the-medieval-towers-of-alcaine-short-pr-te-98-route/#breadcrumb","itemListElement":[{"@type":"ListItem","position":1,"name":"Portada","item":"https://parqueriomartin.com/en/home/"},{"@type":"ListItem","position":2,"name":"The Medieval Towers of Alcaine (Pequeño Recorrido PR-TE 98)"}]},{"@type":"WebSite","@id":"https://parqueriomartin.com/en/#website","url":"https://parqueriomartin.com/en/","name":"Parque Cultural del Río Martín","description":"Conoce los pueblos, las rutas, los centros de interpretación, las gentes... del Parque Cultural del Río Martín","potentialAction":[{"@type":"SearchAction","target":{"@type":"EntryPoint","urlTemplate":"https://parqueriomartin.com/en/?s={search_term_string}"},"query-input":"required name=search_term_string"}],"inLanguage":"en-US"}]}</script>
<!-- / Yoast SEO plugin. -->

The Medieval Towers of Alcaine (Pequeño Recorrido PR-TE 98) - Parque Cultural del Río Martín

Parque Cultural del Río Martín

Conoce los pueblos, las rutas, los centros de interpretación, las gentes... del Parque Cultural del Río Martín
