{"version":"1.0","provider_name":"Parque Cultural del R\u00edo Mart\u00edn","provider_url":"https:\/\/parqueriomartin.com\/fr\/","author_name":"sedinet","author_url":"https:\/\/parqueriomartin.com\/fr\/author\/sedinet\/","title":"Route de Cingla. (Itin\u00e9raire court PR-TE 118) - Parque Cultural del R\u00edo Mart\u00edn","type":"rich","width":600,"height":338,"html":"<blockquote class=\"wp-embedded-content\" data-secret=\"wccLtQpOye\"><a href=\"https:\/\/parqueriomartin.com\/fr\/rutas\/route-de-cingla-itineraire-court-pr-te-118\/\">Route de Cingla. (Itin\u00e9raire court PR-TE 118)<\/a><\/blockquote><iframe sandbox=\"allow-scripts\" security=\"restricted\" src=\"https:\/\/parqueriomartin.com\/fr\/rutas\/route-de-cingla-itineraire-court-pr-te-118\/embed\/#?secret=wccLtQpOye\" width=\"600\" height=\"338\" title=\"\u00ab\u00a0Route de Cingla. (Itin\u00e9raire court PR-TE 118)\u00a0\u00bb &#8212; Parque Cultural del R\u00edo Mart\u00edn\" data-secret=\"wccLtQpOye\" frameborder=\"0\" marginwidth=\"0\" marginheight=\"0\" scrolling=\"no\" class=\"wp-embedded-content\"><\/iframe><script type=\"text\/javascript\">\n\/* <![CDATA[ *\/\n\/*! This file is auto-generated *\/\n!function(d,l){\"use strict\";l.querySelector&&d.addEventListener&&\"undefined\"!=typeof URL&&(d.wp=d.wp||{},d.wp.receiveEmbedMessage||(d.wp.receiveEmbedMessage=function(e){var t=e.data;if((t||t.secret||t.message||t.value)&&!\/[^a-zA-Z0-9]\/.test(t.secret)){for(var s,r,n,a=l.querySelectorAll('iframe[data-secret=\"'+t.secret+'\"]'),o=l.querySelectorAll('blockquote[data-secret=\"'+t.secret+'\"]'),c=new RegExp(\"^https?:$\",\"i\"),i=0;i<o.length;i++)o[i].style.display=\"none\";for(i=0;i<a.length;i++)s=a[i],e.source===s.contentWindow&&(s.removeAttribute(\"style\"),\"height\"===t.message?(1e3<(r=parseInt(t.value,10))?r=1e3:~~r<200&&(r=200),s.height=r):\"link\"===t.message&&(r=new URL(s.getAttribute(\"src\")),n=new URL(t.value),c.test(n.protocol))&&n.host===r.host&&l.activeElement===s&&(d.top.location.href=t.value))}},d.addEventListener(\"message\",d.wp.receiveEmbedMessage,!1),l.addEventListener(\"DOMContentLoaded\",function(){for(var e,t,s=l.querySelectorAll(\"iframe.wp-embedded-content\"),r=0;r<s.length;r++)(t=(e=s[r]).getAttribute(\"data-secret\"))||(t=Math.random().toString(36).substring(2,12),e.src+=\"#?secret=\"+t,e.setAttribute(\"data-secret\",t)),e.contentWindow.postMessage({message:\"ready\",secret:t},\"*\")},!1)))}(window,document);\n\/* ]]> *\/\n<\/script>\n","thumbnail_url":"https:\/\/parqueriomartin.com\/wp-content\/uploads\/cabecera-ruta-la-cingla-parque-cultural-rio-martin.webp","thumbnail_width":1920,"thumbnail_height":1440,"description":"Cet itin\u00e9raire est une randonn\u00e9e en boucle qui commence et se termine \u00e0 Pe\u00f1arroyas. Dans un premier temps, l&rsquo;itin\u00e9raire est parall\u00e8le au GR-262 en direction d&rsquo;Ob\u00f3n, plusieurs points d&rsquo;int\u00e9r\u00eat g\u00e9ologique avec des sentiers d&rsquo;interpr\u00e9tation th\u00e9matiques (failles, traces de s\u00e9chage polygonales, rides&#8230;) forment un parcours pav\u00e9 depuis le village jusqu&rsquo;au mirador de Portillo., qui s&rsquo;ouvre au [&hellip;]"}

Parque Cultural del Río Martín

Route de Cingla. (Itinéraire court PR-TE 118) - Parque Cultural del Río Martín

<blockquote class="wp-embedded-content" data-secret="wccLtQpOye"><a href="https://parqueriomartin.com/fr/rutas/route-de-cingla-itineraire-court-pr-te-118/">Route de Cingla. (Itinéraire court PR-TE 118)</a></blockquote><iframe sandbox="allow-scripts" security="restricted" src="https://parqueriomartin.com/fr/rutas/route-de-cingla-itineraire-court-pr-te-118/embed/#?secret=wccLtQpOye" width="600" height="338" title="« Route de Cingla. (Itinéraire court PR-TE 118) » &#8212; Parque Cultural del Río Martín" data-secret="wccLtQpOye" frameborder="0" marginwidth="0" marginheight="0" scrolling="no" class="wp-embedded-content"></iframe><script type="text/javascript">
/* <![CDATA[ */
/*! This file is auto-generated */
!function(d,l){"use strict";l.querySelector&&d.addEventListener&&"undefined"!=typeof URL&&(d.wp=d.wp||{},d.wp.receiveEmbedMessage||(d.wp.receiveEmbedMessage=function(e){var t=e.data;if((t||t.secret||t.message||t.value)&&!/[^a-zA-Z0-9]/.test(t.secret)){for(var s,r,n,a=l.querySelectorAll('iframe[data-secret="'+t.secret+'"]'),o=l.querySelectorAll('blockquote[data-secret="'+t.secret+'"]'),c=new RegExp("^https?:$","i"),i=0;i<o.length;i++)o[i].style.display="none";for(i=0;i<a.length;i++)s=a[i],e.source===s.contentWindow&&(s.removeAttribute("style"),"height"===t.message?(1e3<(r=parseInt(t.value,10))?r=1e3:~~r<200&&(r=200),s.height=r):"link"===t.message&&(r=new URL(s.getAttribute("src")),n=new URL(t.value),c.test(n.protocol))&&n.host===r.host&&l.activeElement===s&&(d.top.location.href=t.value))}},d.addEventListener("message",d.wp.receiveEmbedMessage,!1),l.addEventListener("DOMContentLoaded",function(){for(var e,t,s=l.querySelectorAll("iframe.wp-embedded-content"),r=0;r<s.length;r++)(t=(e=s[r]).getAttribute("data-secret"))||(t=Math.random().toString(36).substring(2,12),e.src+="#?secret="+t,e.setAttribute("data-secret",t)),e.contentWindow.postMessage({message:"ready",secret:t},"*")},!1)))}(window,document);
/* ]]> */
</script>

Cet itinéraire est une randonnée en boucle qui commence et se termine à Peñarroyas. Dans un premier temps, l&rsquo;itinéraire est parallèle au GR-262 en direction d&rsquo;Obón, plusieurs points d&rsquo;intérêt géologique avec des sentiers d&rsquo;interprétation thématiques (failles, traces de séchage polygonales, rides&#8230;) forment un parcours pavé depuis le village jusqu&rsquo;au mirador de Portillo., qui s&rsquo;ouvre au [&hellip;]
