{"id":103662,"date":"2022-10-13T13:50:13","date_gmt":"2022-10-13T13:50:13","guid":{"rendered":"http:\/\/parqueculturalriomartin.com.mialias.net\/?post_type=el_parque&#038;p=103662"},"modified":"2022-10-19T17:21:59","modified_gmt":"2022-10-19T17:21:59","slug":"la-faune","status":"publish","type":"el_parque","link":"https:\/\/parqueriomartin.com\/fr\/el_parque\/la-faune\/","title":{"rendered":"La faune"},"content":{"rendered":"<p>Les faibles pr\u00e9cipitations qui caract\u00e9risent le Parc font que la faune se concentre autour des cours d&rsquo;eau. La queue du r\u00e9servoir de Cueva Foradada se distingue \u00e0 cet \u00e9gard, o\u00f9 la for\u00eat de tamaris offre protection et abri pour la reproduction d&rsquo;esp\u00e8ces aquatiques, dont le gr\u00e8be hupp\u00e9<em>(Podiceps cristatus<\/em>). Le canard colvert<em>(Anas platyrhynchos<\/em>), le canard souchet<em>(Anas clypeata<\/em>), la sarcelle<em>(Anas crecca<\/em>) et le canard siffleur<em>(Anas querquedula<\/em>), le canard chipeau (Anas<em>strepera<\/em>) sont \u00e9galement communs, parmi d&rsquo;autres esp\u00e8ces de canards qui utilisent cette zone humide du r\u00e9servoir lors de leurs passages migratoires ou comme lieu d&rsquo;hivernage. Il faut \u00e9galement noter la pr\u00e9sence occasionnelle de la cigogne noire<em>(Ciconia nigra<\/em>) et du balbuzard p\u00eacheur<em>(Pandion halieatus<\/em>), et plus couramment du h\u00e9ron qui parcourt le cours de la rivi\u00e8re Mart\u00edn \u00e0 la recherche de nourriture. Cependant, il faut souligner que ce r\u00e9servoir est un site d&rsquo;hivernage important pour le grand cormoran<em>(Phalacroc\u00f3rax carbo<\/em>).<\/p>\n<p>Les for\u00eats de pins abritent une grande vari\u00e9t\u00e9 d&rsquo;esp\u00e8ces. De nombreux petits oiseaux attir\u00e9s par les insectes tels que les m\u00e9sanges charbonni\u00e8res, les m\u00e9sanges bleues et d&rsquo;autres oiseaux de proie, qui attirent \u00e0 leur tour les oiseaux de proie des for\u00eats tels que les autour et les \u00e9perviers. Parmi les grands mammif\u00e8res, on trouve le sanglier<em>(Sus scrofa<\/em>) qui parcourt de vastes zones, le bouquetin<em>(Capra pyrenaica<\/em>) et le chevreuil<em>(Capreolus capreolus<\/em>) en cours d&rsquo;expansion. Dans le corridor de v\u00e9g\u00e9tation autour de la rivi\u00e8re et des ravins, nous avons trouv\u00e9 des renards, des blaireaux, des martres, des genettes et, dans une moindre mesure, le chat sauvage<em>(Felis sylvestris<\/em>).<\/p>\n<p>Le reste de la r\u00e9gion peut \u00eatre d\u00e9crit comme semi-steppique, dans une zone vallonn\u00e9e entre collines et ravins, avec un maquis abondant o\u00f9 pr\u00e9dominent le romarin et les ajoncs, o\u00f9 abondent des esp\u00e8ces de grand int\u00e9r\u00eat cyn\u00e9g\u00e9tique comme les perdrix, les lapins et les li\u00e8vres, et de petits oiseaux adapt\u00e9s \u00e0 ce type d&rsquo;habitat tr\u00e8s aride comme les cogujadas et les collalbas, entre autres. Les reptiles tels que les l\u00e9zards, les l\u00e9zards ocell\u00e9s et les serpents \u00e0 \u00e9chelles sont \u00e9galement abondants.<\/p>\n<p>Un autre aspect \u00e0 souligner sont les diff\u00e9rentes esp\u00e8ces de chauves-souris pr\u00e9sentes dans les grottes et cavit\u00e9s du Parc, notamment dans le gouffre de San Pedro, consid\u00e9r\u00e9 par les sp\u00e9cialistes comme un refuge de biodiversit\u00e9 sans \u00e9quivalent en Europe.<\/p>\n","protected":false},"featured_media":103653,"template":"","categorias_tipos":[104],"acf":[],"yoast_head":"<!-- This site is optimized with the Yoast SEO plugin v22.5 - https:\/\/yoast.com\/wordpress\/plugins\/seo\/ -->\n<title>La faune - Parque Cultural del R\u00edo Mart\u00edn<\/title>\n<meta name=\"robots\" content=\"index, follow, max-snippet:-1, max-image-preview:large, max-video-preview:-1\" \/>\n<link rel=\"canonical\" href=\"https:\/\/parqueriomartin.com\/fr\/el_parque\/la-faune\/\" \/>\n<meta property=\"og:locale\" content=\"fr_FR\" \/>\n<meta property=\"og:type\" content=\"article\" \/>\n<meta property=\"og:title\" content=\"La faune - Parque Cultural del R\u00edo Mart\u00edn\" \/>\n<meta property=\"og:description\" content=\"Les faibles pr\u00e9cipitations qui caract\u00e9risent le Parc font que la faune se concentre autour des cours d&rsquo;eau. La queue du r\u00e9servoir de Cueva Foradada se distingue \u00e0 cet \u00e9gard, o\u00f9 la for\u00eat de tamaris offre protection et abri pour la reproduction d&rsquo;esp\u00e8ces aquatiques, dont le gr\u00e8be hupp\u00e9(Podiceps cristatus). Le canard colvert(Anas platyrhynchos), le canard souchet(Anas [&hellip;]\" \/>\n<meta property=\"og:url\" content=\"https:\/\/parqueriomartin.com\/fr\/el_parque\/la-faune\/\" \/>\n<meta property=\"og:site_name\" content=\"Parque Cultural del R\u00edo Mart\u00edn\" \/>\n<meta property=\"article:modified_time\" content=\"2022-10-19T17:21:59+00:00\" \/>\n<meta property=\"og:image\" content=\"https:\/\/parqueriomartin.com\/wp-content\/uploads\/cabecera-fauna-parque-cultural-rio-martin.webp\" \/>\n\t<meta property=\"og:image:width\" content=\"1920\" \/>\n\t<meta property=\"og:image:height\" content=\"1285\" \/>\n\t<meta property=\"og:image:type\" content=\"image\/webp\" \/>\n<meta name=\"twitter:card\" content=\"summary_large_image\" \/>\n<meta name=\"twitter:label1\" content=\"Dur\u00e9e de lecture estim\u00e9e\" \/>\n\t<meta name=\"twitter:data1\" content=\"2 minutes\" \/>\n<script type=\"application\/ld+json\" class=\"yoast-schema-graph\">{\"@context\":\"https:\/\/schema.org\",\"@graph\":[{\"@type\":\"WebPage\",\"@id\":\"https:\/\/parqueriomartin.com\/fr\/el_parque\/la-faune\/\",\"url\":\"https:\/\/parqueriomartin.com\/fr\/el_parque\/la-faune\/\",\"name\":\"La faune - Parque Cultural del R\u00edo Mart\u00edn\",\"isPartOf\":{\"@id\":\"https:\/\/parqueriomartin.com\/fr\/#website\"},\"primaryImageOfPage\":{\"@id\":\"https:\/\/parqueriomartin.com\/fr\/el_parque\/la-faune\/#primaryimage\"},\"image\":{\"@id\":\"https:\/\/parqueriomartin.com\/fr\/el_parque\/la-faune\/#primaryimage\"},\"thumbnailUrl\":\"https:\/\/parqueriomartin.com\/wp-content\/uploads\/cabecera-fauna-parque-cultural-rio-martin.webp\",\"datePublished\":\"2022-10-13T13:50:13+00:00\",\"dateModified\":\"2022-10-19T17:21:59+00:00\",\"breadcrumb\":{\"@id\":\"https:\/\/parqueriomartin.com\/fr\/el_parque\/la-faune\/#breadcrumb\"},\"inLanguage\":\"fr-FR\",\"potentialAction\":[{\"@type\":\"ReadAction\",\"target\":[\"https:\/\/parqueriomartin.com\/fr\/el_parque\/la-faune\/\"]}]},{\"@type\":\"ImageObject\",\"inLanguage\":\"fr-FR\",\"@id\":\"https:\/\/parqueriomartin.com\/fr\/el_parque\/la-faune\/#primaryimage\",\"url\":\"https:\/\/parqueriomartin.com\/wp-content\/uploads\/cabecera-fauna-parque-cultural-rio-martin.webp\",\"contentUrl\":\"https:\/\/parqueriomartin.com\/wp-content\/uploads\/cabecera-fauna-parque-cultural-rio-martin.webp\",\"width\":1920,\"height\":1285},{\"@type\":\"BreadcrumbList\",\"@id\":\"https:\/\/parqueriomartin.com\/fr\/el_parque\/la-faune\/#breadcrumb\",\"itemListElement\":[{\"@type\":\"ListItem\",\"position\":1,\"name\":\"Portada\",\"item\":\"https:\/\/parqueriomartin.com\/fr\/\"},{\"@type\":\"ListItem\",\"position\":2,\"name\":\"La faune\"}]},{\"@type\":\"WebSite\",\"@id\":\"https:\/\/parqueriomartin.com\/fr\/#website\",\"url\":\"https:\/\/parqueriomartin.com\/fr\/\",\"name\":\"Parque Cultural del R\u00edo Mart\u00edn\",\"description\":\"Conoce los pueblos, las rutas, los centros de interpretaci\u00f3n, las gentes... del Parque Cultural del R\u00edo Mart\u00edn\",\"potentialAction\":[{\"@type\":\"SearchAction\",\"target\":{\"@type\":\"EntryPoint\",\"urlTemplate\":\"https:\/\/parqueriomartin.com\/fr\/?s={search_term_string}\"},\"query-input\":\"required name=search_term_string\"}],\"inLanguage\":\"fr-FR\"}]}<\/script>\n<!-- \/ Yoast SEO plugin. -->","yoast_head_json":{"title":"La faune - Parque Cultural del R\u00edo Mart\u00edn","robots":{"index":"index","follow":"follow","max-snippet":"max-snippet:-1","max-image-preview":"max-image-preview:large","max-video-preview":"max-video-preview:-1"},"canonical":"https:\/\/parqueriomartin.com\/fr\/el_parque\/la-faune\/","og_locale":"fr_FR","og_type":"article","og_title":"La faune - Parque Cultural del R\u00edo Mart\u00edn","og_description":"Les faibles pr\u00e9cipitations qui caract\u00e9risent le Parc font que la faune se concentre autour des cours d&rsquo;eau. La queue du r\u00e9servoir de Cueva Foradada se distingue \u00e0 cet \u00e9gard, o\u00f9 la for\u00eat de tamaris offre protection et abri pour la reproduction d&rsquo;esp\u00e8ces aquatiques, dont le gr\u00e8be hupp\u00e9(Podiceps cristatus). Le canard colvert(Anas platyrhynchos), le canard souchet(Anas [&hellip;]","og_url":"https:\/\/parqueriomartin.com\/fr\/el_parque\/la-faune\/","og_site_name":"Parque Cultural del R\u00edo Mart\u00edn","article_modified_time":"2022-10-19T17:21:59+00:00","og_image":[{"width":1920,"height":1285,"url":"https:\/\/parqueriomartin.com\/wp-content\/uploads\/cabecera-fauna-parque-cultural-rio-martin.webp","type":"image\/webp"}],"twitter_card":"summary_large_image","twitter_misc":{"Dur\u00e9e de lecture estim\u00e9e":"2 minutes"},"schema":{"@context":"https:\/\/schema.org","@graph":[{"@type":"WebPage","@id":"https:\/\/parqueriomartin.com\/fr\/el_parque\/la-faune\/","url":"https:\/\/parqueriomartin.com\/fr\/el_parque\/la-faune\/","name":"La faune - Parque Cultural del R\u00edo Mart\u00edn","isPartOf":{"@id":"https:\/\/parqueriomartin.com\/fr\/#website"},"primaryImageOfPage":{"@id":"https:\/\/parqueriomartin.com\/fr\/el_parque\/la-faune\/#primaryimage"},"image":{"@id":"https:\/\/parqueriomartin.com\/fr\/el_parque\/la-faune\/#primaryimage"},"thumbnailUrl":"https:\/\/parqueriomartin.com\/wp-content\/uploads\/cabecera-fauna-parque-cultural-rio-martin.webp","datePublished":"2022-10-13T13:50:13+00:00","dateModified":"2022-10-19T17:21:59+00:00","breadcrumb":{"@id":"https:\/\/parqueriomartin.com\/fr\/el_parque\/la-faune\/#breadcrumb"},"inLanguage":"fr-FR","potentialAction":[{"@type":"ReadAction","target":["https:\/\/parqueriomartin.com\/fr\/el_parque\/la-faune\/"]}]},{"@type":"ImageObject","inLanguage":"fr-FR","@id":"https:\/\/parqueriomartin.com\/fr\/el_parque\/la-faune\/#primaryimage","url":"https:\/\/parqueriomartin.com\/wp-content\/uploads\/cabecera-fauna-parque-cultural-rio-martin.webp","contentUrl":"https:\/\/parqueriomartin.com\/wp-content\/uploads\/cabecera-fauna-parque-cultural-rio-martin.webp","width":1920,"height":1285},{"@type":"BreadcrumbList","@id":"https:\/\/parqueriomartin.com\/fr\/el_parque\/la-faune\/#breadcrumb","itemListElement":[{"@type":"ListItem","position":1,"name":"Portada","item":"https:\/\/parqueriomartin.com\/fr\/"},{"@type":"ListItem","position":2,"name":"La faune"}]},{"@type":"WebSite","@id":"https:\/\/parqueriomartin.com\/fr\/#website","url":"https:\/\/parqueriomartin.com\/fr\/","name":"Parque Cultural del R\u00edo Mart\u00edn","description":"Conoce los pueblos, las rutas, los centros de interpretaci\u00f3n, las gentes... del Parque Cultural del R\u00edo Mart\u00edn","potentialAction":[{"@type":"SearchAction","target":{"@type":"EntryPoint","urlTemplate":"https:\/\/parqueriomartin.com\/fr\/?s={search_term_string}"},"query-input":"required name=search_term_string"}],"inLanguage":"fr-FR"}]}},"_links":{"self":[{"href":"https:\/\/parqueriomartin.com\/fr\/wp-json\/wp\/v2\/el_parque\/103662"}],"collection":[{"href":"https:\/\/parqueriomartin.com\/fr\/wp-json\/wp\/v2\/el_parque"}],"about":[{"href":"https:\/\/parqueriomartin.com\/fr\/wp-json\/wp\/v2\/types\/el_parque"}],"wp:featuredmedia":[{"embeddable":true,"href":"https:\/\/parqueriomartin.com\/fr\/wp-json\/wp\/v2\/media\/103653"}],"wp:attachment":[{"href":"https:\/\/parqueriomartin.com\/fr\/wp-json\/wp\/v2\/media?parent=103662"}],"wp:term":[{"taxonomy":"categorias_tipos","embeddable":true,"href":"https:\/\/parqueriomartin.com\/fr\/wp-json\/wp\/v2\/categorias_tipos?post=103662"}],"curies":[{"name":"wp","href":"https:\/\/api.w.org\/{rel}","templated":true}]}}

<p>Les faibles précipitations qui caractérisent le Parc font que la faune se concentre autour des cours d&rsquo;eau. La queue du réservoir de Cueva Foradada se distingue à cet égard, où la forêt de tamaris offre protection et abri pour la reproduction d&rsquo;espèces aquatiques, dont le grèbe huppé<em>(Podiceps cristatus</em>). Le canard colvert<em>(Anas platyrhynchos</em>), le canard souchet<em>(Anas clypeata</em>), la sarcelle<em>(Anas crecca</em>) et le canard siffleur<em>(Anas querquedula</em>), le canard chipeau (Anas<em>strepera</em>) sont également communs, parmi d&rsquo;autres espèces de canards qui utilisent cette zone humide du réservoir lors de leurs passages migratoires ou comme lieu d&rsquo;hivernage. Il faut également noter la présence occasionnelle de la cigogne noire<em>(Ciconia nigra</em>) et du balbuzard pêcheur<em>(Pandion halieatus</em>), et plus couramment du héron qui parcourt le cours de la rivière Martín à la recherche de nourriture. Cependant, il faut souligner que ce réservoir est un site d&rsquo;hivernage important pour le grand cormoran<em>(Phalacrocórax carbo</em>).</p>
<p>Les forêts de pins abritent une grande variété d&rsquo;espèces. De nombreux petits oiseaux attirés par les insectes tels que les mésanges charbonnières, les mésanges bleues et d&rsquo;autres oiseaux de proie, qui attirent à leur tour les oiseaux de proie des forêts tels que les autour et les éperviers. Parmi les grands mammifères, on trouve le sanglier<em>(Sus scrofa</em>) qui parcourt de vastes zones, le bouquetin<em>(Capra pyrenaica</em>) et le chevreuil<em>(Capreolus capreolus</em>) en cours d&rsquo;expansion. Dans le corridor de végétation autour de la rivière et des ravins, nous avons trouvé des renards, des blaireaux, des martres, des genettes et, dans une moindre mesure, le chat sauvage<em>(Felis sylvestris</em>).</p>
<p>Le reste de la région peut être décrit comme semi-steppique, dans une zone vallonnée entre collines et ravins, avec un maquis abondant où prédominent le romarin et les ajoncs, où abondent des espèces de grand intérêt cynégétique comme les perdrix, les lapins et les lièvres, et de petits oiseaux adaptés à ce type d&rsquo;habitat très aride comme les cogujadas et les collalbas, entre autres. Les reptiles tels que les lézards, les lézards ocellés et les serpents à échelles sont également abondants.</p>
<p>Un autre aspect à souligner sont les différentes espèces de chauves-souris présentes dans les grottes et cavités du Parc, notamment dans le gouffre de San Pedro, considéré par les spécialistes comme un refuge de biodiversité sans équivalent en Europe.</p>

<!-- This site is optimized with the Yoast SEO plugin v22.5 - https://yoast.com/wordpress/plugins/seo/ -->
<title>La faune - Parque Cultural del Río Martín</title>
<meta name="robots" content="index, follow, max-snippet:-1, max-image-preview:large, max-video-preview:-1" />
<link rel="canonical" href="https://parqueriomartin.com/fr/el_parque/la-faune/" />
<meta property="og:locale" content="fr_FR" />
<meta property="og:type" content="article" />
<meta property="og:title" content="La faune - Parque Cultural del Río Martín" />
<meta property="og:description" content="Les faibles précipitations qui caractérisent le Parc font que la faune se concentre autour des cours d&rsquo;eau. La queue du réservoir de Cueva Foradada se distingue à cet égard, où la forêt de tamaris offre protection et abri pour la reproduction d&rsquo;espèces aquatiques, dont le grèbe huppé(Podiceps cristatus). Le canard colvert(Anas platyrhynchos), le canard souchet(Anas [&hellip;]" />
<meta property="og:url" content="https://parqueriomartin.com/fr/el_parque/la-faune/" />
<meta property="og:site_name" content="Parque Cultural del Río Martín" />
<meta property="article:modified_time" content="2022-10-19T17:21:59+00:00" />
<meta property="og:image" content="https://parqueriomartin.com/wp-content/uploads/cabecera-fauna-parque-cultural-rio-martin.webp" />
	<meta property="og:image:width" content="1920" />
	<meta property="og:image:height" content="1285" />
	<meta property="og:image:type" content="image/webp" />
<meta name="twitter:card" content="summary_large_image" />
<meta name="twitter:label1" content="Durée de lecture estimée" />
	<meta name="twitter:data1" content="2 minutes" />
<script type="application/ld+json" class="yoast-schema-graph">{"@context":"https://schema.org","@graph":[{"@type":"WebPage","@id":"https://parqueriomartin.com/fr/el_parque/la-faune/","url":"https://parqueriomartin.com/fr/el_parque/la-faune/","name":"La faune - Parque Cultural del Río Martín","isPartOf":{"@id":"https://parqueriomartin.com/fr/#website"},"primaryImageOfPage":{"@id":"https://parqueriomartin.com/fr/el_parque/la-faune/#primaryimage"},"image":{"@id":"https://parqueriomartin.com/fr/el_parque/la-faune/#primaryimage"},"thumbnailUrl":"https://parqueriomartin.com/wp-content/uploads/cabecera-fauna-parque-cultural-rio-martin.webp","datePublished":"2022-10-13T13:50:13+00:00","dateModified":"2022-10-19T17:21:59+00:00","breadcrumb":{"@id":"https://parqueriomartin.com/fr/el_parque/la-faune/#breadcrumb"},"inLanguage":"fr-FR","potentialAction":[{"@type":"ReadAction","target":["https://parqueriomartin.com/fr/el_parque/la-faune/"]}]},{"@type":"ImageObject","inLanguage":"fr-FR","@id":"https://parqueriomartin.com/fr/el_parque/la-faune/#primaryimage","url":"https://parqueriomartin.com/wp-content/uploads/cabecera-fauna-parque-cultural-rio-martin.webp","contentUrl":"https://parqueriomartin.com/wp-content/uploads/cabecera-fauna-parque-cultural-rio-martin.webp","width":1920,"height":1285},{"@type":"BreadcrumbList","@id":"https://parqueriomartin.com/fr/el_parque/la-faune/#breadcrumb","itemListElement":[{"@type":"ListItem","position":1,"name":"Portada","item":"https://parqueriomartin.com/fr/"},{"@type":"ListItem","position":2,"name":"La faune"}]},{"@type":"WebSite","@id":"https://parqueriomartin.com/fr/#website","url":"https://parqueriomartin.com/fr/","name":"Parque Cultural del Río Martín","description":"Conoce los pueblos, las rutas, los centros de interpretación, las gentes... del Parque Cultural del Río Martín","potentialAction":[{"@type":"SearchAction","target":{"@type":"EntryPoint","urlTemplate":"https://parqueriomartin.com/fr/?s={search_term_string}"},"query-input":"required name=search_term_string"}],"inLanguage":"fr-FR"}]}</script>
<!-- / Yoast SEO plugin. -->

La faune - Parque Cultural del Río Martín

Les faibles précipitations qui caractérisent le Parc font que la faune se concentre autour des cours d&rsquo;eau. La queue du réservoir de Cueva Foradada se distingue à cet égard, où la forêt de tamaris offre protection et abri pour la reproduction d&rsquo;espèces aquatiques, dont le grèbe huppé(Podiceps cristatus). Le canard colvert(Anas platyrhynchos), le canard souchet(Anas [&hellip;]

Parque Cultural del Río Martín

Conoce los pueblos, las rutas, los centros de interpretación, las gentes... del Parque Cultural del Río Martín
